Last updated on 2024-03-12 07:50:01 CET.
Flavor | Version | Tinstall | Tcheck | Ttotal | Status | Flags |
---|---|---|---|---|---|---|
r-devel-linux-x86_64-debian-clang | 0.6.0 | 3.26 | 19.30 | 22.56 | WARN | |
r-devel-linux-x86_64-debian-gcc | 0.6.0 | 1.99 | 15.63 | 17.62 | OK | |
r-devel-linux-x86_64-fedora-clang | 0.6.0 | 28.81 | NOTE | |||
r-devel-linux-x86_64-fedora-gcc | 0.6.0 | 27.49 | NOTE | |||
r-devel-windows-x86_64 | 0.6.0 | 5.00 | 35.00 | 40.00 | OK | |
r-patched-linux-x86_64 | 0.6.0 | 2.39 | 19.35 | 21.74 | OK | |
r-release-linux-x86_64 | 0.6.0 | 2.67 | 19.40 | 22.07 | OK | |
r-release-macos-arm64 | 0.6.0 | 17.00 | OK | |||
r-release-macos-x86_64 | 0.6.0 | 20.00 | OK | |||
r-release-windows-x86_64 | 0.6.0 | 5.00 | 36.00 | 41.00 | OK | |
r-oldrel-macos-arm64 | 0.6.0 | 14.00 | OK | |||
r-oldrel-windows-x86_64 | 0.6.0 | 6.00 | 42.00 | 48.00 | OK |
Version: 0.6.0
Check: whether package can be installed
Result: WARN
Found the following significant warnings:
flang-new: warning: argument unused during compilation: '-Wall' [-Wunused-command-line-argument]
See ‘/home/hornik/tmp/R.check/r-devel-clang/Work/PKGS/pbivnorm.Rcheck/00install.out’ for details.
* used Fortran compiler: ‘Debian flang-new version 18.1.0 (rc4-1)’
Flavor: r-devel-linux-x86_64-debian-clang
Version: 0.6.0
Check: compiled code
Result: NOTE
File ‘pbivnorm/libs/pbivnorm.so’:
Found no calls to: ‘R_registerRoutines’, ‘R_useDynamicSymbols’
It is good practice to register native routines and to disable symbol
search.
See ‘Writing portable packages’ in the ‘Writing R Extensions’ manual.
Flavors: r-devel-linux-x86_64-fedora-clang, r-devel-linux-x86_64-fedora-gcc