CRAN Package Check Results for Package pbivnorm

Last updated on 2021-06-21 08:49:57 CEST.

Flavor Version Tinstall Tcheck Ttotal Status Flags
r-devel-linux-x86_64-debian-clang 0.6.0 2.50 19.86 22.36 OK
r-devel-linux-x86_64-debian-gcc 0.6.0 1.82 15.90 17.72 OK
r-devel-linux-x86_64-fedora-clang 0.6.0 36.64 NOTE
r-devel-linux-x86_64-fedora-gcc 0.6.0 26.30 NOTE
r-devel-windows-x86_64 0.6.0 5.00 29.00 34.00 OK
r-devel-windows-x86_64-gcc10-UCRT 0.6.0 OK
r-patched-linux-x86_64 0.6.0 2.22 19.18 21.40 OK
r-patched-solaris-x86 0.6.0 43.90 OK
r-release-linux-x86_64 0.6.0 2.11 19.30 21.41 OK
r-release-macos-arm64 0.6.0 OK
r-release-macos-x86_64 0.6.0 OK
r-release-windows-ix86+x86_64 0.6.0 7.00 29.00 36.00 OK
r-oldrel-macos-x86_64 0.6.0 OK
r-oldrel-windows-ix86+x86_64 0.6.0 6.00 28.00 34.00 OK

Check Details

Version: 0.6.0
Check: compiled code
Result: NOTE
    File ‘pbivnorm/libs/pbivnorm.so’:
     Found no calls to: ‘R_registerRoutines’, ‘R_useDynamicSymbols’
    
    It is good practice to register native routines and to disable symbol
    search.
    
    See ‘Writing portable packages’ in the ‘Writing R Extensions’ manual.
Flavors: r-devel-linux-x86_64-fedora-clang, r-devel-linux-x86_64-fedora-gcc