CRAN Package Check Results for Package pbo

Last updated on 2024-05-18 08:57:55 CEST.

Flavor Version Tinstall Tcheck Ttotal Status Flags
r-devel-linux-x86_64-debian-clang 1.3.5 4.00 38.40 42.40 OK
r-devel-linux-x86_64-debian-gcc 1.3.5 2.61 30.34 32.95 OK
r-devel-linux-x86_64-fedora-clang 1.3.5 53.93 OK
r-devel-linux-x86_64-fedora-gcc 1.3.5 119.47 OK
r-devel-windows-x86_64 1.3.5 5.00 51.00 56.00 OK
r-patched-linux-x86_64 1.3.5 3.18 36.73 39.91 OK
r-release-linux-x86_64 1.3.5 3.39 37.13 40.52 OK
r-release-macos-arm64 1.3.5 26.00 OK
r-release-windows-x86_64 1.3.5 5.00 51.00 56.00 OK
r-oldrel-macos-arm64 1.3.5 28.00 OK
r-oldrel-macos-x86_64 1.3.5 38.00 NOTE
r-oldrel-windows-x86_64 1.3.5 5.00 55.00 60.00 OK

Check Details

Version: 1.3.5
Check: package dependencies
Result: NOTE Package suggested but not available for checking: ‘PerformanceAnalytics’ Flavor: r-oldrel-macos-x86_64