Last updated on 2024-05-02 08:57:51 CEST.
Flavor | Version | Tinstall | Tcheck | Ttotal | Status | Flags |
---|---|---|---|---|---|---|
r-devel-linux-x86_64-debian-clang | 1.5.7 | 12.39 | 32.32 | 44.71 | OK | |
r-devel-linux-x86_64-debian-gcc | 1.5.7 | 9.51 | 24.69 | 34.20 | OK | |
r-devel-linux-x86_64-fedora-clang | 1.5.7 | 58.98 | OK | |||
r-devel-linux-x86_64-fedora-gcc | 1.5.7 | 58.09 | OK | |||
r-devel-windows-x86_64 | 1.5.7 | 16.00 | 85.00 | 101.00 | OK | |
r-patched-linux-x86_64 | 1.5.7 | 11.53 | 31.10 | 42.63 | OK | |
r-release-linux-x86_64 | 1.5.7 | 11.50 | 30.83 | 42.33 | OK | |
r-release-macos-arm64 | 1.5.7 | 25.00 | OK | |||
r-release-windows-x86_64 | 1.5.7 | 17.00 | 82.00 | 99.00 | OK | |
r-oldrel-macos-arm64 | 1.5.7 | 28.00 | OK | |||
r-oldrel-macos-x86_64 | 1.5.7 | 47.00 | OK | |||
r-oldrel-windows-x86_64 | 1.5.7 | 19.00 | 100.00 | 119.00 | WARN |
Version: 1.5.7
Check: whether package can be installed
Result: WARN
Found the following significant warnings:
d:/rtools43/x86_64-w64-mingw32.static.posix/include/coin/Clp_C_Interface.h:68:1: warning: function declaration isn't a prototype [-Wstrict-prototypes]
See 'd:/Rcompile/CRANpkg/local/4.3/pcaL1.Rcheck/00install.out' for details.
* used C compiler: 'gcc.exe (GCC) 12.3.0'
Flavor: r-oldrel-windows-x86_64