Last updated on 2021-04-15 09:50:09 CEST.
Flavor | Version | Tinstall | Tcheck | Ttotal | Status | Flags |
---|---|---|---|---|---|---|
r-devel-linux-x86_64-debian-clang | 1.9-73 | 15.96 | 47.27 | 63.23 | OK | |
r-devel-linux-x86_64-debian-gcc | 1.9-73 | 10.40 | 38.02 | 48.42 | OK | |
r-devel-linux-x86_64-fedora-clang | 1.9-73 | 89.10 | NOTE | |||
r-devel-linux-x86_64-fedora-gcc | 1.9-73 | 91.81 | OK | |||
r-devel-windows-ix86+x86_64 | 1.9-73 | 40.00 | 78.00 | 118.00 | OK | |
r-devel-windows-x86_64-gcc10-UCRT | 1.9-73 | OK | ||||
r-patched-linux-x86_64 | 1.9-73 | 11.98 | 46.44 | 58.42 | OK | |
r-patched-solaris-x86 | 1.9-73 | 113.20 | OK | |||
r-release-linux-x86_64 | 1.9-73 | 12.25 | 46.24 | 58.49 | OK | |
r-release-macos-x86_64 | 1.9-73 | OK | ||||
r-release-windows-ix86+x86_64 | 1.9-73 | 36.00 | 71.00 | 107.00 | OK | |
r-oldrel-macos-x86_64 | 1.9-73 | OK | ||||
r-oldrel-windows-ix86+x86_64 | 1.9-73 | 56.00 | 83.00 | 139.00 | OK |
Version: 1.9-73
Check: Rd cross-references
Result: NOTE
Undeclared package ‘robustbase’ in Rd xrefs
Flavor: r-devel-linux-x86_64-fedora-clang