Last updated on 2024-03-12 07:50:01 CET.
Flavor | Version | Tinstall | Tcheck | Ttotal | Status | Flags |
---|---|---|---|---|---|---|
r-devel-linux-x86_64-debian-clang | 4.3.5 | 105.33 | 54.68 | 160.01 | OK | |
r-devel-linux-x86_64-debian-gcc | 4.3.5 | 78.75 | 43.29 | 122.04 | OK | |
r-devel-linux-x86_64-fedora-clang | 4.3.5 | 243.68 | OK | |||
r-devel-linux-x86_64-fedora-gcc | 4.3.5 | 235.96 | OK | |||
r-devel-windows-x86_64 | 4.3.5 | 107.00 | 81.00 | 188.00 | OK | |
r-patched-linux-x86_64 | 4.3.5 | 103.92 | 54.86 | 158.78 | OK | |
r-release-linux-x86_64 | 4.3.5 | 102.60 | 54.29 | 156.89 | OK | |
r-release-macos-arm64 | 4.3.5 | 51.00 | NOTE | |||
r-release-macos-x86_64 | 4.3.5 | 70.00 | NOTE | |||
r-release-windows-x86_64 | 4.3.5 | 136.00 | 94.00 | 230.00 | OK | |
r-oldrel-macos-arm64 | 4.3.5 | 50.00 | NOTE | |||
r-oldrel-windows-x86_64 | 4.3.5 | 121.00 | 96.00 | 217.00 | OK |
Version: 4.3.5
Check: installed package size
Result: NOTE
installed size is 5.9Mb
sub-directories of 1Mb or more:
extdata 2.7Mb
libs 2.5Mb
Flavors: r-release-macos-arm64, r-release-macos-x86_64, r-oldrel-macos-arm64