CRAN Package Check Results for Package pcdpca

Last updated on 2024-05-25 08:49:35 CEST.

Flavor Version Tinstall Tcheck Ttotal Status Flags
r-devel-linux-x86_64-debian-clang 0.4 1.74 28.94 30.68 NOTE
r-devel-linux-x86_64-debian-gcc 0.4 1.73 22.93 24.66 NOTE
r-devel-linux-x86_64-fedora-clang 0.4 39.47 NOTE
r-devel-linux-x86_64-fedora-gcc 0.4 38.89 NOTE
r-devel-windows-x86_64 0.4 3.00 45.00 48.00 NOTE
r-patched-linux-x86_64 0.4 8.24 28.61 36.85 NOTE
r-release-linux-x86_64 0.4 2.31 28.15 30.46 NOTE
r-release-macos-arm64 0.4 16.00 NOTE
r-release-windows-x86_64 0.4 3.00 44.00 47.00 NOTE
r-oldrel-macos-arm64 0.4 21.00 NOTE
r-oldrel-macos-x86_64 0.4 23.00 NOTE
r-oldrel-windows-x86_64 0.4 4.00 48.00 52.00 NOTE

Check Details

Version: 0.4
Check: LazyData
Result: NOTE 'LazyData' is specified without a 'data' directory Flavors: r-devel-linux-x86_64-debian-clang, r-devel-linux-x86_64-debian-gcc, r-devel-linux-x86_64-fedora-clang, r-devel-linux-x86_64-fedora-gcc, r-devel-windows-x86_64, r-patched-linux-x86_64, r-release-linux-x86_64, r-release-macos-arm64, r-release-windows-x86_64, r-oldrel-macos-arm64, r-oldrel-macos-x86_64, r-oldrel-windows-x86_64

Version: 0.4
Check: dependencies in R code
Result: NOTE Namespace in Imports field not imported from: ‘fda’ All declared Imports should be used. Flavors: r-devel-linux-x86_64-fedora-clang, r-devel-linux-x86_64-fedora-gcc