Last updated on 2023-01-28 08:00:42 CET.
Flavor | Version | Tinstall | Tcheck | Ttotal | Status | Flags |
---|---|---|---|---|---|---|
r-devel-linux-x86_64-debian-clang | 0.1.5 | 43.58 | 295.21 | 338.79 | OK | |
r-devel-linux-x86_64-debian-gcc | 0.1.5 | 26.19 | 210.89 | 237.08 | OK | |
r-devel-linux-x86_64-fedora-clang | 0.1.5 | 450.74 | OK | |||
r-devel-linux-x86_64-fedora-gcc | 0.1.5 | 420.79 | OK | |||
r-patched-linux-x86_64 | 0.1.5 | 63.36 | 281.58 | 344.94 | OK | |
r-release-linux-x86_64 | 0.1.5 | 54.92 | 258.49 | 313.41 | OK | |
r-release-macos-arm64 | 0.1.5 | 165.00 | NOTE | |||
r-release-macos-x86_64 | 0.1.5 | 246.00 | OK | |||
r-release-windows-x86_64 | 0.1.5 | 156.00 | 307.00 | 463.00 | OK | |
r-oldrel-macos-arm64 | 0.1.5 | 161.00 | NOTE | |||
r-oldrel-macos-x86_64 | 0.1.5 | 254.00 | OK | |||
r-oldrel-windows-ix86+x86_64 | 0.1.5 | 63.00 | 281.00 | 344.00 | OK |
Version: 0.1.5
Check: installed package size
Result: NOTE
installed size is 5.3Mb
sub-directories of 1Mb or more:
R 2.0Mb
doc 1.7Mb
help 1.3Mb
Flavors: r-release-macos-arm64, r-oldrel-macos-arm64