CRAN Package Check Results for Package pct

Last updated on 2021-03-06 07:53:26 CET.

Flavor Version Tinstall Tcheck Ttotal Status Flags
r-devel-linux-x86_64-debian-clang 0.7.0 3.86 84.54 88.40 WARN
r-devel-linux-x86_64-debian-gcc 0.7.0 2.99 65.02 68.01 WARN
r-devel-linux-x86_64-fedora-clang 0.7.0 117.82 WARN
r-devel-linux-x86_64-fedora-gcc 0.7.0 102.78 WARN
r-devel-windows-ix86+x86_64 0.7.0 8.00 112.00 120.00 WARN
r-devel-windows-x86_64-gcc10-UCRT 0.7.0 WARN
r-patched-linux-x86_64 0.7.0 WARN
r-patched-solaris-x86 0.7.0 163.40 WARN
r-release-linux-x86_64 0.7.0 3.29 81.62 84.91 WARN
r-release-macos-x86_64 0.7.0 WARN
r-release-windows-ix86+x86_64 0.7.0 9.00 100.00 109.00 WARN
r-oldrel-macos-x86_64 0.7.0 WARN
r-oldrel-windows-ix86+x86_64 0.7.0 5.00 95.00 100.00 WARN

Check Details

Version: 0.7.0
Check: re-building of vignette outputs
Result: WARN
    Error(s) in re-building vignettes:
     ...
    --- re-building 'cycling-potential-uk.Rmd' using rmarkdown
    Linking to GEOS 3.9.0, GDAL 3.2.1, PROJ 7.2.1
    
    Attaching package: 'dplyr'
    
    The following objects are masked from 'package:stats':
    
     filter, lag
    
    The following objects are masked from 'package:base':
    
     intersect, setdiff, setequal, union
    
    --- finished re-building 'cycling-potential-uk.Rmd'
    
    --- re-building 'pct-international.Rmd' using rmarkdown
    --- finished re-building 'pct-international.Rmd'
    
    --- re-building 'pct.Rmd' using rmarkdown
    Linking to GEOS 3.9.0, GDAL 3.2.1, PROJ 7.2.1
    
    Attaching package: 'dplyr'
    
    The following objects are masked from 'package:stats':
    
     filter, lag
    
    The following objects are masked from 'package:base':
    
     intersect, setdiff, setequal, union
    
    --- finished re-building 'pct.Rmd'
    
    --- re-building 'pct_training.Rmd' using rmarkdown
    Quitting from lines 260-262 (pct_training.Rmd)
    Error: processing vignette 'pct_training.Rmd' failed with diagnostics:
    Assigned data `NA` must be compatible with existing data.
    i Error occurred for column `COLOR_1`.
    x Can't convert <logical> to <character>.
    --- failed re-building 'pct_training.Rmd'
    
    SUMMARY: processing the following file failed:
     'pct_training.Rmd'
    
    Error: Vignette re-building failed.
    Execution halted
Flavor: r-devel-linux-x86_64-debian-clang

Version: 0.7.0
Check: re-building of vignette outputs
Result: WARN
    Error(s) in re-building vignettes:
     ...
    --- re-building ‘cycling-potential-uk.Rmd’ using rmarkdown
    Linking to GEOS 3.9.0, GDAL 3.2.1, PROJ 7.2.1
    
    Attaching package: 'dplyr'
    
    The following objects are masked from 'package:stats':
    
     filter, lag
    
    The following objects are masked from 'package:base':
    
     intersect, setdiff, setequal, union
    
    --- finished re-building ‘cycling-potential-uk.Rmd’
    
    --- re-building ‘pct-international.Rmd’ using rmarkdown
    --- finished re-building ‘pct-international.Rmd’
    
    --- re-building ‘pct.Rmd’ using rmarkdown
    Linking to GEOS 3.9.0, GDAL 3.2.1, PROJ 7.2.1
    
    Attaching package: 'dplyr'
    
    The following objects are masked from 'package:stats':
    
     filter, lag
    
    The following objects are masked from 'package:base':
    
     intersect, setdiff, setequal, union
    
    --- finished re-building ‘pct.Rmd’
    
    --- re-building ‘pct_training.Rmd’ using rmarkdown
    Quitting from lines 260-262 (pct_training.Rmd)
    Error: processing vignette 'pct_training.Rmd' failed with diagnostics:
    Assigned data `NA` must be compatible with existing data.
    ℹ Error occurred for column `COLOR_1`.
    ✖ Can't convert <logical> to <character>.
    --- failed re-building ‘pct_training.Rmd’
    
    SUMMARY: processing the following file failed:
     ‘pct_training.Rmd’
    
    Error: Vignette re-building failed.
    Execution halted
Flavors: r-devel-linux-x86_64-debian-gcc, r-patched-linux-x86_64, r-release-linux-x86_64

Version: 0.7.0
Check: installed package size
Result: NOTE
     installed size is 5.9Mb
     sub-directories of 1Mb or more:
     doc 4.0Mb
Flavors: r-devel-linux-x86_64-fedora-clang, r-devel-windows-ix86+x86_64, r-patched-solaris-x86, r-release-macos-x86_64, r-release-windows-ix86+x86_64, r-oldrel-macos-x86_64, r-oldrel-windows-ix86+x86_64

Version: 0.7.0
Check: data for non-ASCII characters
Result: NOTE
     Note: found 11 marked UTF-8 strings
Flavors: r-devel-linux-x86_64-fedora-clang, r-devel-linux-x86_64-fedora-gcc, r-devel-windows-x86_64-gcc10-UCRT, r-patched-solaris-x86, r-release-macos-x86_64, r-oldrel-macos-x86_64

Version: 0.7.0
Check: re-building of vignette outputs
Result: WARN
    Error(s) in re-building vignettes:
    --- re-building ‘cycling-potential-uk.Rmd’ using rmarkdown
    Linking to GEOS 3.8.1, GDAL 3.0.4, PROJ 6.3.2
    
    Attaching package: 'dplyr'
    
    The following objects are masked from 'package:stats':
    
     filter, lag
    
    The following objects are masked from 'package:base':
    
     intersect, setdiff, setequal, union
    
    --- finished re-building ‘cycling-potential-uk.Rmd’
    
    --- re-building ‘pct-international.Rmd’ using rmarkdown
    --- finished re-building ‘pct-international.Rmd’
    
    --- re-building ‘pct.Rmd’ using rmarkdown
    Linking to GEOS 3.8.1, GDAL 3.0.4, PROJ 6.3.2
    
    Attaching package: 'dplyr'
    
    The following objects are masked from 'package:stats':
    
     filter, lag
    
    The following objects are masked from 'package:base':
    
     intersect, setdiff, setequal, union
    
    --- finished re-building ‘pct.Rmd’
    
    --- re-building ‘pct_training.Rmd’ using rmarkdown
    Quitting from lines 260-262 (pct_training.Rmd)
    Error: processing vignette 'pct_training.Rmd' failed with diagnostics:
    Assigned data `NA` must be compatible with existing data.
    ℹ Error occurred for column `COLOR_1`.
    ✖ Can't convert <logical> to <character>.
    --- failed re-building ‘pct_training.Rmd’
    
    SUMMARY: processing the following file failed:
     ‘pct_training.Rmd’
    
    Error: Vignette re-building failed.
    Execution halted
Flavors: r-devel-linux-x86_64-fedora-clang, r-devel-linux-x86_64-fedora-gcc

Version: 0.7.0
Check: re-building of vignette outputs
Result: WARN
    Error(s) in re-building vignettes:
    --- re-building 'cycling-potential-uk.Rmd' using rmarkdown
    Linking to GEOS 3.8.0, GDAL 3.0.4, PROJ 6.3.1
    
    Attaching package: 'dplyr'
    
    The following objects are masked from 'package:stats':
    
     filter, lag
    
    The following objects are masked from 'package:base':
    
     intersect, setdiff, setequal, union
    
    --- finished re-building 'cycling-potential-uk.Rmd'
    
    --- re-building 'pct-international.Rmd' using rmarkdown
    --- finished re-building 'pct-international.Rmd'
    
    --- re-building 'pct.Rmd' using rmarkdown
    Linking to GEOS 3.8.0, GDAL 3.0.4, PROJ 6.3.1
    
    Attaching package: 'dplyr'
    
    The following objects are masked from 'package:stats':
    
     filter, lag
    
    The following objects are masked from 'package:base':
    
     intersect, setdiff, setequal, union
    
    --- finished re-building 'pct.Rmd'
    
    --- re-building 'pct_training.Rmd' using rmarkdown
    Quitting from lines 260-262 (pct_training.Rmd)
    Error: processing vignette 'pct_training.Rmd' failed with diagnostics:
    Assigned data `NA` must be compatible with existing data.
    i Error occurred for column `COLOR_1`.
    x Can't convert <logical> to <character>.
    --- failed re-building 'pct_training.Rmd'
    
    SUMMARY: processing the following file failed:
     'pct_training.Rmd'
    
    Error: Vignette re-building failed.
    Execution halted
Flavors: r-devel-windows-ix86+x86_64, r-release-windows-ix86+x86_64, r-oldrel-windows-ix86+x86_64

Version: 0.7.0
Check: re-building of vignette outputs
Result: WARN
    Error(s) in re-building vignettes:
    --- re-building 'cycling-potential-uk.Rmd' using rmarkdown
    Linking to GEOS 3.6.2, GDAL 3.0.4, PROJ 7.0.0
    
    Attaching package: 'dplyr'
    
    The following objects are masked from 'package:stats':
    
     filter, lag
    
    The following objects are masked from 'package:base':
    
     intersect, setdiff, setequal, union
    
    --- finished re-building 'cycling-potential-uk.Rmd'
    
    --- re-building 'pct-international.Rmd' using rmarkdown
    --- finished re-building 'pct-international.Rmd'
    
    --- re-building 'pct.Rmd' using rmarkdown
    Linking to GEOS 3.6.2, GDAL 3.0.4, PROJ 7.0.0
    
    Attaching package: 'dplyr'
    
    The following objects are masked from 'package:stats':
    
     filter, lag
    
    The following objects are masked from 'package:base':
    
     intersect, setdiff, setequal, union
    
    --- finished re-building 'pct.Rmd'
    
    --- re-building 'pct_training.Rmd' using rmarkdown
    Quitting from lines 260-262 (pct_training.Rmd)
    Error: processing vignette 'pct_training.Rmd' failed with diagnostics:
    Assigned data `NA` must be compatible with existing data.
    i Error occurred for column `COLOR_1`.
    x Can't convert <logical> to <character>.
    --- failed re-building 'pct_training.Rmd'
    
    SUMMARY: processing the following file failed:
     'pct_training.Rmd'
    
    Error: Vignette re-building failed.
    Execution halted
Flavor: r-devel-windows-x86_64-gcc10-UCRT

Version: 0.7.0
Check: re-building of vignette outputs
Result: WARN
    Error(s) in re-building vignettes:
     ...
    --- re-building ‘cycling-potential-uk.Rmd’ using rmarkdown
    Warning in engine$weave(file, quiet = quiet, encoding = enc) :
     Pandoc (>= 1.12.3) and/or pandoc-citeproc not available. Falling back to R Markdown v1.
    Linking to GEOS 3.6.4, GDAL 2.2.4, PROJ 5.2.0
    
    Attaching package: 'dplyr'
    
    The following objects are masked from 'package:stats':
    
     filter, lag
    
    The following objects are masked from 'package:base':
    
     intersect, setdiff, setequal, union
    
    --- finished re-building ‘cycling-potential-uk.Rmd’
    
    --- re-building ‘pct-international.Rmd’ using rmarkdown
    Warning in engine$weave(file, quiet = quiet, encoding = enc) :
     Pandoc (>= 1.12.3) and/or pandoc-citeproc not available. Falling back to R Markdown v1.
    Quitting from lines 109-116 (pct-international.Rmd)
    Error: processing vignette 'pct-international.Rmd' failed with diagnostics:
    there is no package called 'webshot'
    --- failed re-building ‘pct-international.Rmd’
    
    --- re-building ‘pct.Rmd’ using rmarkdown
    Warning in engine$weave(file, quiet = quiet, encoding = enc) :
     Pandoc (>= 1.12.3) and/or pandoc-citeproc not available. Falling back to R Markdown v1.
    Linking to GEOS 3.6.4, GDAL 2.2.4, PROJ 5.2.0
    
    Attaching package: 'dplyr'
    
    The following objects are masked from 'package:stats':
    
     filter, lag
    
    The following objects are masked from 'package:base':
    
     intersect, setdiff, setequal, union
    
    Quitting from lines 169-175 (pct.Rmd)
    Error: processing vignette 'pct.Rmd' failed with diagnostics:
    there is no package called 'webshot'
    --- failed re-building ‘pct.Rmd’
    
    --- re-building ‘pct_training.Rmd’ using rmarkdown
    Warning in engine$weave(file, quiet = quiet, encoding = enc) :
     Pandoc (>= 1.12.3) and/or pandoc-citeproc not available. Falling back to R Markdown v1.
    Quitting from lines 260-262 (pct_training.Rmd)
    Error: processing vignette 'pct_training.Rmd' failed with diagnostics:
    Assigned data `NA` must be compatible with existing data.
    ℹ Error occurred for column `COLOR_1`.
    ✖ Can't convert <logical> to <character>.
    --- failed re-building ‘pct_training.Rmd’
    
    SUMMARY: processing the following files failed:
     ‘pct-international.Rmd’ ‘pct.Rmd’ ‘pct_training.Rmd’
    
    Error: Vignette re-building failed.
    Execution halted
Flavor: r-patched-solaris-x86

Version: 0.7.0
Check: re-building of vignette outputs
Result: WARN
    Error(s) in re-building vignettes:
    --- re-building ‘cycling-potential-uk.Rmd’ using rmarkdown
    Warning in engine$weave(file, quiet = quiet, encoding = enc) :
     Pandoc (>= 1.12.3) and/or pandoc-citeproc not available. Falling back to R Markdown v1.
    Linking to GEOS 3.8.1, GDAL 3.1.1, PROJ 6.3.1
    
    Attaching package: 'dplyr'
    
    The following objects are masked from 'package:stats':
    
     filter, lag
    
    The following objects are masked from 'package:base':
    
     intersect, setdiff, setequal, union
    
    --- finished re-building ‘cycling-potential-uk.Rmd’
    
    --- re-building ‘pct-international.Rmd’ using rmarkdown
    Warning in engine$weave(file, quiet = quiet, encoding = enc) :
     Pandoc (>= 1.12.3) and/or pandoc-citeproc not available. Falling back to R Markdown v1.
    Quitting from lines 109-116 (pct-international.Rmd)
    Error: processing vignette 'pct-international.Rmd' failed with diagnostics:
    cannot open the connection
    --- failed re-building ‘pct-international.Rmd’
    
    --- re-building ‘pct.Rmd’ using rmarkdown
    Warning in engine$weave(file, quiet = quiet, encoding = enc) :
     Pandoc (>= 1.12.3) and/or pandoc-citeproc not available. Falling back to R Markdown v1.
    Linking to GEOS 3.8.1, GDAL 3.1.1, PROJ 6.3.1
    
    Attaching package: 'dplyr'
    
    The following objects are masked from 'package:stats':
    
     filter, lag
    
    The following objects are masked from 'package:base':
    
     intersect, setdiff, setequal, union
    
    Quitting from lines 169-175 (pct.Rmd)
    Error: processing vignette 'pct.Rmd' failed with diagnostics:
    cannot open the connection
    --- failed re-building ‘pct.Rmd’
    
    --- re-building ‘pct_training.Rmd’ using rmarkdown
    Warning in engine$weave(file, quiet = quiet, encoding = enc) :
     Pandoc (>= 1.12.3) and/or pandoc-citeproc not available. Falling back to R Markdown v1.
    Quitting from lines 276-280 (pct_training.Rmd)
    Error: processing vignette 'pct_training.Rmd' failed with diagnostics:
    cannot open the connection
    --- failed re-building ‘pct_training.Rmd’
    
    SUMMARY: processing the following files failed:
     ‘pct-international.Rmd’ ‘pct.Rmd’ ‘pct_training.Rmd’
    
    Error: Vignette re-building failed.
    Execution halted
Flavor: r-release-macos-x86_64

Version: 0.7.0
Check: re-building of vignette outputs
Result: WARN
    Error(s) in re-building vignettes:
    --- re-building ‘cycling-potential-uk.Rmd’ using rmarkdown
    Warning in engine$weave(file, quiet = quiet, encoding = enc) :
     Pandoc (>= 1.12.3) and/or pandoc-citeproc not available. Falling back to R Markdown v1.
    Linking to GEOS 3.7.2, GDAL 2.4.2, PROJ 5.2.0
    
    Attaching package: 'dplyr'
    
    The following objects are masked from 'package:stats':
    
     filter, lag
    
    The following objects are masked from 'package:base':
    
     intersect, setdiff, setequal, union
    
    --- finished re-building ‘cycling-potential-uk.Rmd’
    
    --- re-building ‘pct-international.Rmd’ using rmarkdown
    Warning in engine$weave(file, quiet = quiet, encoding = enc) :
     Pandoc (>= 1.12.3) and/or pandoc-citeproc not available. Falling back to R Markdown v1.
    Quitting from lines 109-116 (pct-international.Rmd)
    Error: processing vignette 'pct-international.Rmd' failed with diagnostics:
    cannot open the connection
    --- failed re-building ‘pct-international.Rmd’
    
    --- re-building ‘pct.Rmd’ using rmarkdown
    Warning in engine$weave(file, quiet = quiet, encoding = enc) :
     Pandoc (>= 1.12.3) and/or pandoc-citeproc not available. Falling back to R Markdown v1.
    Linking to GEOS 3.7.2, GDAL 2.4.2, PROJ 5.2.0
    
    Attaching package: 'dplyr'
    
    The following objects are masked from 'package:stats':
    
     filter, lag
    
    The following objects are masked from 'package:base':
    
     intersect, setdiff, setequal, union
    
    Quitting from lines 169-175 (pct.Rmd)
    Error: processing vignette 'pct.Rmd' failed with diagnostics:
    cannot open the connection
    --- failed re-building ‘pct.Rmd’
    
    --- re-building ‘pct_training.Rmd’ using rmarkdown
    Warning in engine$weave(file, quiet = quiet, encoding = enc) :
     Pandoc (>= 1.12.3) and/or pandoc-citeproc not available. Falling back to R Markdown v1.
    Quitting from lines 276-280 (pct_training.Rmd)
    Error: processing vignette 'pct_training.Rmd' failed with diagnostics:
    cannot open the connection
    --- failed re-building ‘pct_training.Rmd’
    
    SUMMARY: processing the following files failed:
     ‘pct-international.Rmd’ ‘pct.Rmd’ ‘pct_training.Rmd’
    
    Error: Vignette re-building failed.
    Execution halted
Flavor: r-oldrel-macos-x86_64