Last updated on 2023-12-09 07:49:41 CET.
Flavor | Version | Tinstall | Tcheck | Ttotal | Status | Flags |
---|---|---|---|---|---|---|
r-devel-linux-x86_64-debian-clang | 1.2.4 | 110.16 | 102.64 | 212.80 | NOTE | |
r-devel-linux-x86_64-debian-gcc | 1.2.4 | 77.55 | 72.73 | 150.28 | NOTE | |
r-devel-linux-x86_64-fedora-clang | 1.2.4 | 291.75 | NOTE | |||
r-devel-linux-x86_64-fedora-gcc | 1.2.4 | 299.97 | NOTE | |||
r-devel-windows-x86_64 | 1.2.4 | 80.00 | 115.00 | 195.00 | NOTE | |
r-patched-linux-x86_64 | 1.2.4 | 92.73 | 97.68 | 190.41 | NOTE | |
r-release-linux-x86_64 | 1.2.4 | 98.58 | 94.77 | 193.35 | NOTE | |
r-release-macos-arm64 | 1.2.4 | 81.00 | NOTE | |||
r-release-macos-x86_64 | 1.2.4 | 131.00 | NOTE | |||
r-release-windows-x86_64 | 1.2.4 | 102.00 | 136.00 | 238.00 | NOTE | |
r-oldrel-macos-arm64 | 1.2.4 | 73.00 | NOTE | |||
r-oldrel-macos-x86_64 | 1.2.4 | 92.00 | NOTE | |||
r-oldrel-windows-x86_64 | 1.2.4 | 99.00 | 125.00 | 224.00 | NOTE |
Version: 1.2.4
Check: C++ specification
Result: NOTE
Specified C++11: please drop specification unless essential
Flavors: r-devel-linux-x86_64-debian-clang, r-devel-linux-x86_64-debian-gcc, r-devel-linux-x86_64-fedora-clang, r-devel-linux-x86_64-fedora-gcc, r-devel-windows-x86_64, r-patched-linux-x86_64, r-release-linux-x86_64, r-release-macos-arm64, r-release-macos-x86_64, r-release-windows-x86_64
Version: 1.2.4
Check: Rd files
Result: NOTE
checkRd: (-1) pdkMeans.Rd:63: Lost braces
63 | \cite{C18}{pdSpecEst} for more details. Note that this comes at the cost of increased computation time in comparison to one
| ^
Flavors: r-devel-linux-x86_64-debian-clang, r-devel-linux-x86_64-debian-gcc
Version: 1.2.4
Check: LazyData
Result: NOTE
'LazyData' is specified without a 'data' directory
Flavors: r-devel-linux-x86_64-debian-clang, r-devel-linux-x86_64-debian-gcc, r-devel-linux-x86_64-fedora-clang, r-devel-linux-x86_64-fedora-gcc, r-devel-windows-x86_64, r-patched-linux-x86_64, r-release-linux-x86_64, r-release-macos-arm64, r-release-macos-x86_64, r-release-windows-x86_64, r-oldrel-macos-arm64, r-oldrel-macos-x86_64, r-oldrel-windows-x86_64
Version: 1.2.4
Check: installed package size
Result: NOTE
installed size is 7.5Mb
sub-directories of 1Mb or more:
libs 6.5Mb
Flavors: r-release-macos-arm64, r-release-macos-x86_64, r-oldrel-macos-arm64, r-oldrel-macos-x86_64