CRAN Package Check Results for Package pdc

Last updated on 2021-07-25 08:51:05 CEST.

Flavor Version Tinstall Tcheck Ttotal Status Flags
r-devel-linux-x86_64-debian-clang 1.0.3 11.81 30.58 42.39 OK
r-devel-linux-x86_64-debian-gcc 1.0.3 13.23 23.74 36.97 OK
r-devel-linux-x86_64-fedora-clang 1.0.3 63.73 NOTE
r-devel-linux-x86_64-fedora-gcc 1.0.3 57.02 NOTE
r-devel-windows-x86_64 1.0.3 14.00 38.00 52.00 OK
r-devel-windows-x86_64-gcc10-UCRT 1.0.3 OK
r-patched-linux-x86_64 1.0.3 13.87 29.30 43.17 OK
r-patched-solaris-x86 1.0.3 77.30 OK
r-release-linux-x86_64 1.0.3 13.03 29.39 42.42 OK
r-release-macos-arm64 1.0.3 OK
r-release-macos-x86_64 1.0.3 OK
r-release-windows-ix86+x86_64 1.0.3 31.00 44.00 75.00 OK
r-oldrel-macos-x86_64 1.0.3 OK
r-oldrel-windows-ix86+x86_64 1.0.3 38.00 45.00 83.00 OK

Check Details

Version: 1.0.3
Check: compiled code
Result: NOTE
    File ‘pdc/libs/pdc.so’:
     Found no calls to: ‘R_registerRoutines’, ‘R_useDynamicSymbols’
    
    It is good practice to register native routines and to disable symbol
    search.
    
    See ‘Writing portable packages’ in the ‘Writing R Extensions’ manual.
Flavors: r-devel-linux-x86_64-fedora-clang, r-devel-linux-x86_64-fedora-gcc