Last updated on 2024-04-17 08:57:39 CEST.
Flavor | Version | Tinstall | Tcheck | Ttotal | Status | Flags |
---|---|---|---|---|---|---|
r-devel-linux-x86_64-debian-clang | 0.8.1 | 8.60 | 201.74 | 210.34 | NOTE | |
r-devel-linux-x86_64-debian-gcc | 0.8.1 | 7.30 | 253.83 | 261.13 | NOTE | |
r-devel-linux-x86_64-fedora-clang | 0.8.1 | 302.04 | NOTE | |||
r-devel-linux-x86_64-fedora-gcc | 0.8.1 | 342.85 | NOTE | |||
r-prerel-macos-arm64 | 0.8.1 | 89.00 | NOTE | |||
r-prerel-windows-x86_64 | 0.8.1 | 13.00 | 170.00 | 183.00 | NOTE | |
r-patched-linux-x86_64 | 0.8.1 | 9.98 | 271.43 | 281.41 | NOTE | |
r-release-linux-x86_64 | 0.8.1 | 9.42 | 264.93 | 274.35 | OK | |
r-release-macos-arm64 | 0.8.1 | 107.00 | OK | |||
r-release-macos-x86_64 | 0.8.1 | 158.00 | OK | |||
r-release-windows-x86_64 | 0.8.1 | 14.00 | 206.00 | 220.00 | OK | |
r-oldrel-macos-arm64 | 0.8.1 | 101.00 | OK | |||
r-oldrel-windows-x86_64 | 0.8.1 | 13.00 | 226.00 | 239.00 | OK |
Version: 0.8.1
Check: Rd files
Result: NOTE
checkRd: (-1) get_training_data.Rd:6-14: Lost braces
6 | where <- function(name, env = parent.frame()) {
| ^
checkRd: (-1) get_training_data.Rd:7-9: Lost braces
7 | if (identical(env, emptyenv())) {
| ^
checkRd: (-1) get_training_data.Rd:9-11: Lost braces
9 | } else if (exists(name, envir = env, inherits = FALSE)) {
| ^
checkRd: (-1) get_training_data.Rd:11-13: Lost braces
11 | } else {
| ^
checkRd: (-1) get_training_data.Rd:20-28: Lost braces
20 | where <- function(name, env = parent.frame()) {
| ^
checkRd: (-1) get_training_data.Rd:21-23: Lost braces
21 | if (identical(env, emptyenv())) {
| ^
checkRd: (-1) get_training_data.Rd:23-25: Lost braces
23 | } else if (exists(name, envir = env, inherits = FALSE)) {
| ^
checkRd: (-1) get_training_data.Rd:25-27: Lost braces
25 | } else {
| ^
Flavors: r-devel-linux-x86_64-debian-clang, r-devel-linux-x86_64-debian-gcc, r-devel-linux-x86_64-fedora-clang, r-devel-linux-x86_64-fedora-gcc, r-prerel-macos-arm64, r-prerel-windows-x86_64, r-patched-linux-x86_64