CRAN Package Check Results for Package pdqr

Last updated on 2021-04-16 08:48:36 CEST.

Flavor Version Tinstall Tcheck Ttotal Status Flags
r-devel-linux-x86_64-debian-clang 0.3.0 7.24 153.44 160.68 NOTE
r-devel-linux-x86_64-debian-gcc 0.3.0 6.45 112.03 118.48 NOTE
r-devel-linux-x86_64-fedora-clang 0.3.0 200.97 NOTE
r-devel-linux-x86_64-fedora-gcc 0.3.0 192.02 NOTE
r-devel-windows-ix86+x86_64 0.3.0 17.00 150.00 167.00 NOTE
r-devel-windows-x86_64-gcc10-UCRT 0.3.0 NOTE
r-patched-linux-x86_64 0.3.0 8.43 144.59 153.02 OK
r-patched-solaris-x86 0.3.0 261.40 OK
r-release-linux-x86_64 0.3.0 7.21 144.84 152.05 OK
r-release-macos-x86_64 0.3.0 OK
r-release-windows-ix86+x86_64 0.3.0 11.00 186.00 197.00 OK
r-oldrel-macos-x86_64 0.3.0 OK
r-oldrel-windows-ix86+x86_64 0.3.0 10.00 152.00 162.00 OK

Check Details

Version: 0.3.0
Check: LazyData
Result: NOTE
     'LazyData' is specified without a 'data' directory
Flavors: r-devel-linux-x86_64-debian-clang, r-devel-linux-x86_64-debian-gcc, r-devel-linux-x86_64-fedora-clang, r-devel-linux-x86_64-fedora-gcc, r-devel-windows-ix86+x86_64, r-devel-windows-x86_64-gcc10-UCRT