Last updated on 2024-05-05 08:52:58 CEST.
Flavor | Version | Tinstall | Tcheck | Ttotal | Status | Flags |
---|---|---|---|---|---|---|
r-devel-linux-x86_64-debian-clang | 0.1.3 | 1510.57 | 325.25 | 1835.82 | NOTE | |
r-devel-linux-x86_64-debian-gcc | 0.1.3 | 1520.71 | 348.55 | 1869.26 | NOTE | |
r-devel-linux-x86_64-fedora-clang | 0.1.3 | 2287.27 | NOTE | |||
r-devel-linux-x86_64-fedora-gcc | 0.1.3 | 3231.47 | NOTE | |||
r-devel-windows-x86_64 | 0.1.3 | 1128.00 | 344.00 | 1472.00 | NOTE | |
r-patched-linux-x86_64 | 0.1.3 | 1254.49 | 461.61 | 1716.10 | NOTE | |
r-release-linux-x86_64 | 0.1.3 | 0.01 | 3.28 | 3.29 | ERROR | |
r-release-macos-arm64 | 0.1.3 | 528.00 | NOTE | |||
r-release-windows-x86_64 | 0.1.3 | 1192.00 | 337.00 | 1529.00 | NOTE | |
r-oldrel-macos-arm64 | 0.1.3 | 582.00 | NOTE | |||
r-oldrel-macos-x86_64 | 0.1.3 | 922.00 | NOTE | |||
r-oldrel-windows-x86_64 | 0.1.3 | 1512.00 | 436.00 | 1948.00 | NOTE |
Version: 0.1.3
Check: for GNU extensions in Makefiles
Result: NOTE
GNU make is a SystemRequirements.
Flavors: r-devel-linux-x86_64-debian-clang, r-devel-linux-x86_64-debian-gcc, r-devel-linux-x86_64-fedora-clang, r-devel-linux-x86_64-fedora-gcc, r-devel-windows-x86_64, r-patched-linux-x86_64, r-release-macos-arm64, r-release-windows-x86_64, r-oldrel-macos-arm64, r-oldrel-macos-x86_64, r-oldrel-windows-x86_64
Version: 0.1.3
Check: installed package size
Result: NOTE
installed size is 12.8Mb
sub-directories of 1Mb or more:
libs 11.8Mb
Flavors: r-devel-linux-x86_64-fedora-clang, r-devel-windows-x86_64, r-release-macos-arm64, r-release-windows-x86_64, r-oldrel-macos-arm64, r-oldrel-macos-x86_64, r-oldrel-windows-x86_64
Version: 0.1.3
Check: whether package can be installed
Result: ERROR
Installation failed.
Flavor: r-release-linux-x86_64