Last updated on 2024-04-24 07:57:49 CEST.
Flavor | Version | Tinstall | Tcheck | Ttotal | Status | Flags |
---|---|---|---|---|---|---|
r-devel-linux-x86_64-debian-clang | 1.0.2 | 174.63 | 82.91 | 257.54 | NOTE | |
r-devel-linux-x86_64-debian-gcc | 1.0.2 | 142.61 | 75.90 | 218.51 | NOTE | |
r-devel-linux-x86_64-fedora-clang | 1.0.2 | 380.59 | NOTE | |||
r-devel-linux-x86_64-fedora-gcc | 1.0.2 | 392.27 | NOTE | |||
r-prerel-macos-arm64 | 1.0.2 | 76.00 | NOTE | |||
r-prerel-windows-x86_64 | 1.0.2 | 128.00 | 101.00 | 229.00 | NOTE | |
r-patched-linux-x86_64 | 1.0.2 | 183.02 | 91.51 | 274.53 | NOTE | |
r-release-linux-x86_64 | 1.0.2 | 180.11 | 93.42 | 273.53 | NOTE | |
r-release-macos-arm64 | 1.0.2 | 91.00 | NOTE | |||
r-release-macos-x86_64 | 1.0.2 | 151.00 | NOTE | |||
r-release-windows-x86_64 | 1.0.2 | 170.00 | 122.00 | 292.00 | NOTE | |
r-oldrel-macos-arm64 | 1.0.2 | 80.00 | NOTE | |||
r-oldrel-windows-x86_64 | 1.0.2 | 166.00 | 111.00 | 277.00 | OK |
Version: 1.0.2
Check: C++ specification
Result: NOTE
Specified C++11: please drop specification unless essential
Flavors: r-devel-linux-x86_64-debian-clang, r-devel-linux-x86_64-debian-gcc, r-devel-linux-x86_64-fedora-clang, r-devel-linux-x86_64-fedora-gcc, r-prerel-macos-arm64, r-prerel-windows-x86_64, r-patched-linux-x86_64, r-release-linux-x86_64, r-release-macos-arm64, r-release-macos-x86_64, r-release-windows-x86_64
Version: 1.0.2
Check: installed package size
Result: NOTE
installed size is 5.9Mb
sub-directories of 1Mb or more:
libs 5.7Mb
Flavors: r-prerel-macos-arm64, r-release-macos-arm64, r-release-macos-x86_64, r-oldrel-macos-arm64