Last updated on 2024-03-12 07:50:01 CET.
Flavor | Version | Tinstall | Tcheck | Ttotal | Status | Flags |
---|---|---|---|---|---|---|
r-devel-linux-x86_64-debian-clang | 0.9-52 | 97.73 | 128.82 | 226.55 | NOTE | |
r-devel-linux-x86_64-debian-gcc | 0.9-52 | 74.69 | 97.53 | 172.22 | NOTE | |
r-devel-linux-x86_64-fedora-clang | 0.9-52 | 296.75 | NOTE | |||
r-devel-linux-x86_64-fedora-gcc | 0.9-52 | 325.85 | NOTE | |||
r-devel-windows-x86_64 | 0.9-52 | 71.00 | 143.00 | 214.00 | NOTE | |
r-patched-linux-x86_64 | 0.9-52 | 79.35 | 125.94 | 205.29 | NOTE | |
r-release-linux-x86_64 | 0.9-52 | 84.72 | 125.92 | 210.64 | NOTE | |
r-release-macos-arm64 | 0.9-52 | 103.00 | NOTE | |||
r-release-macos-x86_64 | 0.9-52 | 173.00 | NOTE | |||
r-release-windows-x86_64 | 0.9-52 | 90.00 | 163.00 | 253.00 | NOTE | |
r-oldrel-macos-arm64 | 0.9-52 | 87.00 | NOTE | |||
r-oldrel-windows-x86_64 | 0.9-52 | 86.00 | 191.00 | 277.00 | OK |
Version: 0.9-52
Check: C++ specification
Result: NOTE
Specified C++11: please drop specification unless essential
Flavors: r-devel-linux-x86_64-debian-clang, r-devel-linux-x86_64-debian-gcc, r-devel-linux-x86_64-fedora-clang, r-devel-linux-x86_64-fedora-gcc, r-devel-windows-x86_64, r-patched-linux-x86_64, r-release-linux-x86_64, r-release-macos-arm64, r-release-macos-x86_64, r-release-windows-x86_64
Version: 0.9-52
Check: Rd files
Result: NOTE
checkRd: (-1) breslow.Rd:27: Escaped LaTeX specials: \# \#
Flavors: r-devel-linux-x86_64-debian-clang, r-devel-linux-x86_64-debian-gcc, r-devel-linux-x86_64-fedora-clang, r-devel-linux-x86_64-fedora-gcc, r-devel-windows-x86_64, r-patched-linux-x86_64, r-release-linux-x86_64, r-release-macos-arm64, r-release-macos-x86_64, r-release-windows-x86_64
Version: 0.9-52
Check: installed package size
Result: NOTE
installed size is 6.4Mb
sub-directories of 1Mb or more:
libs 5.4Mb
Flavors: r-release-macos-arm64, r-release-macos-x86_64, r-oldrel-macos-arm64