Last updated on 2024-04-27 08:48:35 CEST.
Flavor | Version | Tinstall | Tcheck | Ttotal | Status | Flags |
---|---|---|---|---|---|---|
r-devel-linux-x86_64-debian-clang | 0.1.3 | 13.33 | 117.38 | 130.71 | OK | |
r-devel-linux-x86_64-debian-gcc | 0.1.3 | 10.18 | 86.45 | 96.63 | OK | |
r-devel-linux-x86_64-fedora-clang | 0.1.3 | 165.49 | NOTE | |||
r-devel-linux-x86_64-fedora-gcc | 0.1.3 | 159.07 | NOTE | |||
r-devel-windows-x86_64 | 0.1.3 | 12.00 | 99.00 | 111.00 | OK | |
r-patched-linux-x86_64 | 0.1.3 | 17.54 | 112.22 | 129.76 | OK | |
r-release-linux-x86_64 | 0.1.3 | 11.41 | 114.12 | 125.53 | OK | |
r-release-macos-arm64 | 0.1.3 | 47.00 | OK | |||
r-release-windows-x86_64 | 0.1.3 | 11.00 | 99.00 | 110.00 | OK | |
r-oldrel-macos-arm64 | 0.1.3 | 47.00 | OK | |||
r-oldrel-macos-x86_64 | 0.1.3 | 112.00 | OK | |||
r-oldrel-windows-x86_64 | 0.1.3 | 16.00 | 117.00 | 133.00 | OK |
Version: 0.1.3
Check: data for non-ASCII characters
Result: NOTE
Note: found 4 marked UTF-8 strings
Flavors: r-devel-linux-x86_64-fedora-clang, r-devel-linux-x86_64-fedora-gcc