Last updated on 2024-04-20 08:51:04 CEST.
Flavor | Version | Tinstall | Tcheck | Ttotal | Status | Flags |
---|---|---|---|---|---|---|
r-devel-linux-x86_64-debian-clang | 0.9-7 | 4.39 | 61.14 | 65.53 | NOTE | |
r-devel-linux-x86_64-debian-gcc | 0.9-7 | 2.93 | 44.59 | 47.52 | NOTE | |
r-devel-linux-x86_64-fedora-clang | 0.9-7 | 87.52 | NOTE | |||
r-devel-linux-x86_64-fedora-gcc | 0.9-7 | 96.60 | NOTE | |||
r-prerel-macos-arm64 | 0.9-7 | 35.00 | NOTE | |||
r-prerel-windows-x86_64 | 0.9-7 | 4.00 | 72.00 | 76.00 | NOTE | |
r-patched-linux-x86_64 | 0.9-7 | 3.65 | 56.73 | 60.38 | NOTE | |
r-release-linux-x86_64 | 0.9-7 | 4.31 | 57.20 | 61.51 | NOTE | |
r-release-macos-arm64 | 0.9-7 | 33.00 | NOTE | |||
r-release-macos-x86_64 | 0.9-7 | 50.00 | NOTE | |||
r-release-windows-x86_64 | 0.9-7 | 4.00 | 76.00 | 80.00 | NOTE | |
r-oldrel-macos-arm64 | 0.9-7 | 28.00 | OK | |||
r-oldrel-windows-x86_64 | 0.9-7 | 7.00 | 82.00 | 89.00 | OK |
Version: 0.9-7
Check: Rd files
Result: NOTE
checkRd: (-1) jackal.Rd:32: Escaped LaTeX specials: \&
Flavors: r-devel-linux-x86_64-debian-clang, r-devel-linux-x86_64-debian-gcc, r-devel-linux-x86_64-fedora-clang, r-devel-linux-x86_64-fedora-gcc, r-prerel-macos-arm64, r-prerel-windows-x86_64, r-patched-linux-x86_64, r-release-linux-x86_64, r-release-macos-arm64, r-release-macos-x86_64, r-release-windows-x86_64