CRAN Package Check Results for Package pestr

Last updated on 2023-02-08 07:54:38 CET.

Flavor Version Tinstall Tcheck Ttotal Status Flags
r-devel-linux-x86_64-debian-clang 0.8.2 3.02 59.56 62.58 NOTE
r-devel-linux-x86_64-debian-gcc 0.8.2 3.05 44.01 47.06 NOTE
r-devel-linux-x86_64-fedora-clang 0.8.2 80.47 NOTE
r-devel-linux-x86_64-fedora-gcc 0.8.2 85.70 NOTE
r-devel-windows-x86_64 0.8.2 25.00 88.00 113.00 NOTE
r-patched-linux-x86_64 0.8.2 4.43 57.70 62.13 NOTE
r-release-linux-x86_64 0.8.2 3.45 54.67 58.12 NOTE
r-release-macos-arm64 0.8.2 23.00 NOTE
r-release-macos-x86_64 0.8.2 41.00 NOTE
r-release-windows-x86_64 0.8.2 17.00 94.00 111.00 NOTE
r-oldrel-macos-arm64 0.8.2 22.00 NOTE
r-oldrel-macos-x86_64 0.8.2 40.00 NOTE
r-oldrel-windows-ix86+x86_64 0.8.2 10.00 89.00 99.00 NOTE

Check Details

Version: 0.8.2
Check: package subdirectories
Result: NOTE
    Problems with news in ‘NEWS.md’:
     Cannot extract version info from the following section titles:
     Fixed issues
Flavors: r-devel-linux-x86_64-debian-clang, r-devel-linux-x86_64-debian-gcc, r-devel-linux-x86_64-fedora-clang, r-devel-linux-x86_64-fedora-gcc, r-devel-windows-x86_64

Version: 0.8.2
Check: LazyData
Result: NOTE
     'LazyData' is specified without a 'data' directory
Flavors: r-devel-linux-x86_64-debian-clang, r-devel-linux-x86_64-debian-gcc, r-devel-linux-x86_64-fedora-clang, r-devel-linux-x86_64-fedora-gcc, r-devel-windows-x86_64, r-patched-linux-x86_64, r-release-linux-x86_64, r-release-macos-arm64, r-release-macos-x86_64, r-release-windows-x86_64, r-oldrel-macos-arm64, r-oldrel-macos-x86_64, r-oldrel-windows-ix86+x86_64