Last updated on 2024-03-12 07:50:01 CET.
Flavor | Version | Tinstall | Tcheck | Ttotal | Status | Flags |
---|---|---|---|---|---|---|
r-devel-linux-x86_64-debian-clang | 1.0.0 | 37.49 | 105.79 | 143.28 | NOTE | |
r-devel-linux-x86_64-debian-gcc | 1.0.0 | 30.29 | 84.38 | 114.67 | NOTE | |
r-devel-linux-x86_64-fedora-clang | 1.0.0 | 191.39 | NOTE | |||
r-devel-linux-x86_64-fedora-gcc | 1.0.0 | 204.06 | NOTE | |||
r-devel-windows-x86_64 | 1.0.0 | 29.00 | 123.00 | 152.00 | NOTE | |
r-patched-linux-x86_64 | 1.0.0 | 24.28 | 106.47 | 130.75 | NOTE | |
r-release-linux-x86_64 | 1.0.0 | 26.65 | 105.37 | 132.02 | NOTE | |
r-release-macos-arm64 | 1.0.0 | 65.00 | NOTE | |||
r-release-macos-x86_64 | 1.0.0 | 115.00 | NOTE | |||
r-release-windows-x86_64 | 1.0.0 | 38.00 | 143.00 | 181.00 | NOTE | |
r-oldrel-macos-arm64 | 1.0.0 | 50.00 | OK | |||
r-oldrel-windows-x86_64 | 1.0.0 | 37.00 | 142.00 | 179.00 | OK |
Version: 1.0.0
Check: C++ specification
Result: NOTE
Specified C++11: please drop specification unless essential
Flavors: r-devel-linux-x86_64-debian-clang, r-devel-linux-x86_64-debian-gcc, r-devel-linux-x86_64-fedora-clang, r-devel-linux-x86_64-fedora-gcc, r-devel-windows-x86_64, r-patched-linux-x86_64, r-release-linux-x86_64, r-release-macos-arm64, r-release-macos-x86_64, r-release-windows-x86_64