Last updated on 2024-04-23 08:58:11 CEST.
Flavor | Version | Tinstall | Tcheck | Ttotal | Status | Flags |
---|---|---|---|---|---|---|
r-devel-linux-x86_64-debian-clang | 2.11.1 | 77.34 | 471.59 | 548.93 | NOTE | |
r-devel-linux-x86_64-debian-gcc | 2.11.1 | 58.39 | 354.09 | 412.48 | NOTE | |
r-devel-linux-x86_64-fedora-clang | 2.11.1 | 729.30 | NOTE | |||
r-devel-linux-x86_64-fedora-gcc | 2.11.1 | 710.39 | NOTE | |||
r-prerel-macos-arm64 | 2.11.1 | 175.00 | NOTE | |||
r-prerel-windows-x86_64 | 2.11.1 | 59.00 | 359.00 | 418.00 | NOTE | |
r-patched-linux-x86_64 | 2.11.1 | 76.30 | 477.53 | 553.83 | NOTE | |
r-release-linux-x86_64 | 2.11.1 | 72.28 | 475.44 | 547.72 | NOTE | |
r-release-macos-arm64 | 2.11.1 | 199.00 | NOTE | |||
r-release-macos-x86_64 | 2.11.1 | 324.00 | NOTE | |||
r-release-windows-x86_64 | 2.11.1 | 79.00 | 459.00 | 538.00 | NOTE | |
r-oldrel-macos-arm64 | 2.11.1 | 176.00 | NOTE | |||
r-oldrel-windows-x86_64 | 2.11.1 | 76.00 | 437.00 | 513.00 | NOTE |
Version: 2.11.1
Check: package dependencies
Result: NOTE
Package suggested but not available for checking: ‘Biostrings’
Flavor: r-devel-linux-x86_64-debian-clang
Version: 2.11.1
Check: C++ specification
Result: NOTE
Specified C++11: please drop specification unless essential
Flavors: r-devel-linux-x86_64-debian-clang, r-devel-linux-x86_64-debian-gcc, r-devel-linux-x86_64-fedora-clang, r-devel-linux-x86_64-fedora-gcc, r-prerel-macos-arm64, r-prerel-windows-x86_64, r-patched-linux-x86_64, r-release-linux-x86_64, r-release-macos-arm64, r-release-macos-x86_64, r-release-windows-x86_64
Version: 2.11.1
Check: installed package size
Result: NOTE
installed size is 7.6Mb
sub-directories of 1Mb or more:
doc 1.5Mb
libs 3.6Mb
Flavors: r-prerel-macos-arm64, r-prerel-windows-x86_64, r-release-macos-arm64, r-release-macos-x86_64, r-release-windows-x86_64, r-oldrel-macos-arm64, r-oldrel-windows-x86_64
Version: 2.11.1
Check: package dependencies
Result: NOTE
Package suggested but not available for checking: ‘seqLogo’
Flavor: r-release-macos-arm64
Version: 2.11.1
Check: package dependencies
Result: NOTE
Packages suggested but not available for checking: 'Biostrings', 'seqLogo'
Flavor: r-release-macos-x86_64