CRAN Package Check Results for Package philentropy

Last updated on 2021-04-16 08:48:36 CEST.

Flavor Version Tinstall Tcheck Ttotal Status Flags
r-devel-linux-x86_64-debian-clang 0.4.0 27.90 45.01 72.91 NOTE
r-devel-linux-x86_64-debian-gcc 0.4.0 20.14 34.57 54.71 NOTE
r-devel-linux-x86_64-fedora-clang 0.4.0 105.50 NOTE
r-devel-linux-x86_64-fedora-gcc 0.4.0 100.45 NOTE
r-devel-windows-ix86+x86_64 0.4.0 67.00 81.00 148.00 NOTE
r-devel-windows-x86_64-gcc10-UCRT 0.4.0 NOTE
r-patched-linux-x86_64 0.4.0 24.87 42.90 67.77 OK
r-patched-solaris-x86 0.4.0 108.30 OK
r-release-linux-x86_64 0.4.0 23.00 43.05 66.05 OK
r-release-macos-x86_64 0.4.0 OK
r-release-windows-ix86+x86_64 0.4.0 77.00 104.00 181.00 OK
r-oldrel-macos-x86_64 0.4.0 OK
r-oldrel-windows-ix86+x86_64 0.4.0 43.00 88.00 131.00 OK

Check Details

Version: 0.4.0
Check: LazyData
Result: NOTE
     'LazyData' is specified without a 'data' directory
Flavors: r-devel-linux-x86_64-debian-clang, r-devel-linux-x86_64-debian-gcc, r-devel-linux-x86_64-fedora-clang, r-devel-linux-x86_64-fedora-gcc, r-devel-windows-ix86+x86_64, r-devel-windows-x86_64-gcc10-UCRT