CRAN Package Check Results for Package phonR

Last updated on 2021-07-25 08:51:06 CEST.

Flavor Version Tinstall Tcheck Ttotal Status Flags
r-devel-linux-x86_64-debian-clang 1.0-7 4.39 35.26 39.65 OK
r-devel-linux-x86_64-debian-gcc 1.0-7 3.18 27.05 30.23 OK
r-devel-linux-x86_64-fedora-clang 1.0-7 55.16 NOTE
r-devel-linux-x86_64-fedora-gcc 1.0-7 44.75 OK
r-devel-windows-x86_64 1.0-7 6.00 39.00 45.00 OK
r-devel-windows-x86_64-gcc10-UCRT 1.0-7 OK
r-patched-linux-x86_64 1.0-7 4.26 33.66 37.92 OK
r-patched-solaris-x86 1.0-7 63.40 OK
r-release-linux-x86_64 1.0-7 3.16 33.51 36.67 OK
r-release-macos-arm64 1.0-7 OK
r-release-macos-x86_64 1.0-7 OK
r-release-windows-ix86+x86_64 1.0-7 8.00 39.00 47.00 OK
r-oldrel-macos-x86_64 1.0-7 OK
r-oldrel-windows-ix86+x86_64 1.0-7 8.00 48.00 56.00 OK

Check Details

Version: 1.0-7
Check: Rd cross-references
Result: NOTE
    Undeclared package ‘vowels’ in Rd xrefs
Flavor: r-devel-linux-x86_64-fedora-clang