Last updated on 2024-04-19 08:54:50 CEST.
Flavor | Version | Tinstall | Tcheck | Ttotal | Status | Flags |
---|---|---|---|---|---|---|
r-devel-linux-x86_64-debian-clang | 1.0-7 | 4.34 | 37.17 | 41.51 | OK | |
r-devel-linux-x86_64-debian-gcc | 1.0-7 | OK | ||||
r-devel-linux-x86_64-fedora-clang | 1.0-7 | 50.95 | NOTE | |||
r-devel-linux-x86_64-fedora-gcc | 1.0-7 | 48.85 | OK | |||
r-prerel-macos-arm64 | 1.0-7 | 18.00 | OK | |||
r-prerel-windows-x86_64 | 1.0-7 | 4.00 | 46.00 | 50.00 | OK | |
r-patched-linux-x86_64 | 1.0-7 | 4.44 | 35.10 | 39.54 | OK | |
r-release-linux-x86_64 | 1.0-7 | 3.06 | 35.31 | 38.37 | OK | |
r-release-macos-arm64 | 1.0-7 | 18.00 | OK | |||
r-release-macos-x86_64 | 1.0-7 | 32.00 | OK | |||
r-release-windows-x86_64 | 1.0-7 | 6.00 | 49.00 | 55.00 | OK | |
r-oldrel-macos-arm64 | 1.0-7 | 19.00 | OK | |||
r-oldrel-windows-x86_64 | 1.0-7 | 6.00 | 54.00 | 60.00 | OK |
Version: 1.0-7
Check: Rd cross-references
Result: NOTE
Undeclared package ‘vowels’ in Rd xrefs
Flavor: r-devel-linux-x86_64-fedora-clang