Last updated on 2024-08-31 08:48:19 CEST.
Flavor | Version | Tinstall | Tcheck | Ttotal | Status | Flags |
---|---|---|---|---|---|---|
r-devel-linux-x86_64-debian-clang | 2.6.2 | 6.64 | 55.98 | 62.62 | NOTE | |
r-devel-linux-x86_64-debian-gcc | 2.6.2 | 5.22 | 39.91 | 45.13 | NOTE | |
r-devel-linux-x86_64-fedora-clang | 2.6.2 | 102.48 | NOTE | |||
r-devel-linux-x86_64-fedora-gcc | 2.6.2 | 98.13 | NOTE | |||
r-devel-windows-x86_64 | 2.6.2 | 12.00 | 77.00 | 89.00 | NOTE | |
r-patched-linux-x86_64 | 2.6.2 | 7.50 | 52.92 | 60.42 | NOTE | |
r-release-linux-x86_64 | 2.6.2 | 8.13 | 52.69 | 60.82 | NOTE | |
r-release-macos-arm64 | 2.6.2 | 33.00 | NOTE | |||
r-release-macos-x86_64 | 2.6.2 | 80.00 | NOTE | |||
r-release-windows-x86_64 | 2.6.2 | 14.00 | 87.00 | 101.00 | NOTE | |
r-oldrel-macos-arm64 | 2.6.2 | 35.00 | NOTE | |||
r-oldrel-macos-x86_64 | 2.6.2 | 54.00 | NOTE | |||
r-oldrel-windows-x86_64 | 2.6.2 | 15.00 | 89.00 | 104.00 | NOTE |
Version: 2.6.2
Check: C++ specification
Result: NOTE
Specified C++11: please drop specification unless essential
Flavors: r-devel-linux-x86_64-debian-clang, r-devel-linux-x86_64-debian-gcc, r-devel-linux-x86_64-fedora-clang, r-devel-linux-x86_64-fedora-gcc, r-devel-windows-x86_64, r-patched-linux-x86_64, r-release-linux-x86_64, r-release-macos-arm64, r-release-macos-x86_64, r-release-windows-x86_64, r-oldrel-macos-arm64, r-oldrel-macos-x86_64, r-oldrel-windows-x86_64
Version: 2.6.2
Check: Rd cross-references
Result: NOTE
Undeclared packages ‘future’, ‘geiger’, ‘caper’ in Rd xrefs
Flavor: r-devel-linux-x86_64-fedora-clang