CRAN Package Check Results for Package phyloregion

Last updated on 2021-04-22 08:48:27 CEST.

Flavor Version Tinstall Tcheck Ttotal Status Flags
r-devel-linux-x86_64-debian-clang 1.0.4 17.52 183.56 201.08 OK
r-devel-linux-x86_64-debian-gcc 1.0.4 13.82 141.54 155.36 OK
r-devel-linux-x86_64-fedora-clang 1.0.4 263.35 NOTE
r-devel-linux-x86_64-fedora-gcc 1.0.4 238.59 NOTE
r-devel-windows-ix86+x86_64 1.0.4 36.00 196.00 232.00 OK
r-devel-windows-x86_64-gcc10-UCRT 1.0.4 NOTE
r-patched-linux-x86_64 1.0.4 21.65 172.19 193.84 OK
r-patched-solaris-x86 1.0.4 344.20 NOTE
r-release-linux-x86_64 1.0.4 16.59 172.01 188.60 OK
r-release-macos-x86_64 1.0.4 NOTE
r-release-windows-ix86+x86_64 1.0.4 40.00 181.00 221.00 OK
r-oldrel-macos-x86_64 1.0.4 NOTE
r-oldrel-windows-ix86+x86_64 1.0.4 43.00 208.00 251.00 OK

Check Details

Version: 1.0.4
Check: dependencies in R code
Result: NOTE
    Namespaces in Imports field not imported from:
     ‘rgdal’ ‘rgeos’
     All declared Imports should be used.
Flavors: r-devel-linux-x86_64-fedora-clang, r-devel-linux-x86_64-fedora-gcc, r-devel-windows-x86_64-gcc10-UCRT, r-patched-solaris-x86, r-release-macos-x86_64, r-oldrel-macos-x86_64

Version: 1.0.4
Check: Rd cross-references
Result: NOTE
    Undeclared package ‘picante’ in Rd xrefs
Flavor: r-devel-linux-x86_64-fedora-clang