CRAN Package Check Results for Package phyr

Last updated on 2021-05-14 09:51:02 CEST.

Flavor Version Tinstall Tcheck Ttotal Status Flags
r-devel-linux-x86_64-debian-clang 1.1.0 168.02 151.38 319.40 NOTE
r-devel-linux-x86_64-debian-gcc 1.1.0 119.27 112.46 231.73 NOTE
r-devel-linux-x86_64-fedora-clang 1.1.0 600.85 NOTE
r-devel-linux-x86_64-fedora-gcc 1.1.0 623.59 OK
r-devel-windows-ix86+x86_64 1.1.0 368.00 183.00 551.00 NOTE
r-devel-windows-x86_64-gcc10-UCRT 1.1.0 NOTE
r-patched-linux-x86_64 1.1.0 133.90 142.59 276.49 NOTE
r-patched-solaris-x86 1.1.0 417.00 NOTE
r-release-linux-x86_64 1.1.0 147.03 137.24 284.27 NOTE
r-release-macos-x86_64 1.1.0 NOTE
r-release-windows-ix86+x86_64 1.1.0 281.00 234.00 515.00 NOTE
r-oldrel-macos-x86_64 1.1.0 NOTE
r-oldrel-windows-ix86+x86_64 1.1.0 338.00 236.00 574.00 NOTE

Check Details

Version: 1.1.0
Check: package dependencies
Result: NOTE
    Package suggested but not available for checking: 'INLA'
Flavors: r-devel-linux-x86_64-debian-clang, r-devel-linux-x86_64-debian-gcc, r-devel-windows-x86_64-gcc10-UCRT, r-patched-linux-x86_64, r-patched-solaris-x86, r-release-linux-x86_64, r-release-macos-x86_64, r-oldrel-macos-x86_64

Version: 1.1.0
Check: installed package size
Result: NOTE
     installed size is 13.8Mb
     sub-directories of 1Mb or more:
     doc 2.0Mb
     libs 11.3Mb
Flavors: r-devel-linux-x86_64-fedora-clang, r-devel-windows-ix86+x86_64, r-release-macos-x86_64, r-release-windows-ix86+x86_64, r-oldrel-macos-x86_64, r-oldrel-windows-ix86+x86_64