CRAN Package Check Results for Package pillar

Last updated on 2021-03-06 07:53:26 CET.

Flavor Version Tinstall Tcheck Ttotal Status Flags
r-devel-linux-x86_64-debian-clang 1.5.0 5.22 71.13 76.35 OK
r-devel-linux-x86_64-debian-gcc 1.5.0 4.88 54.32 59.20 OK
r-devel-linux-x86_64-fedora-clang 1.5.0 101.63 OK
r-devel-linux-x86_64-fedora-gcc 1.5.1 94.60 OK
r-devel-windows-ix86+x86_64 1.5.0 10.00 62.00 72.00 OK
r-patched-linux-x86_64 1.5.0 OK
r-patched-solaris-x86 1.5.1 124.40 WARN
r-release-linux-x86_64 1.5.0 6.07 69.78 75.85 OK
r-release-macos-x86_64 1.5.0 WARN
r-release-windows-ix86+x86_64 1.5.0 9.00 63.00 72.00 OK
r-oldrel-macos-x86_64 1.5.0 WARN
r-oldrel-windows-ix86+x86_64 1.5.0 7.00 61.00 68.00 OK

Check Details

Version: 1.5.1
Check: re-building of vignette outputs
Result: WARN
    Error(s) in re-building vignettes:
     ...
    --- re-building ‘debugme.Rmd’ using rmarkdown
    Warning in engine$weave(file, quiet = quiet, encoding = enc) :
     Pandoc (>= 1.12.3) and/or pandoc-citeproc not available. Falling back to R Markdown v1.
    --- finished re-building ‘debugme.Rmd’
    
    --- re-building ‘extending.Rmd’ using rmarkdown
    Warning in engine$weave(file, quiet = quiet, encoding = enc) :
     Pandoc (>= 1.12.3) and/or pandoc-citeproc not available. Falling back to R Markdown v1.
    --- finished re-building ‘extending.Rmd’
    
    --- re-building ‘printing.Rmd’ using rmarkdown
    Warning in engine$weave(file, quiet = quiet, encoding = enc) :
     Pandoc (>= 1.12.3) and/or pandoc-citeproc not available. Falling back to R Markdown v1.
    Quitting from lines 64-65 (printing.Rmd)
    Error: processing vignette 'printing.Rmd' failed with diagnostics:
    there is no package called 'webshot'
    --- failed re-building ‘printing.Rmd’
    
    SUMMARY: processing the following file failed:
     ‘printing.Rmd’
    
    Error: Vignette re-building failed.
    Execution halted
Flavor: r-patched-solaris-x86

Version: 1.5.0
Check: re-building of vignette outputs
Result: WARN
    Error(s) in re-building vignettes:
     ...
    --- re-building ‘debugme.Rmd’ using rmarkdown
    Warning in engine$weave(file, quiet = quiet, encoding = enc) :
     Pandoc (>= 1.12.3) and/or pandoc-citeproc not available. Falling back to R Markdown v1.
    --- finished re-building ‘debugme.Rmd’
    
    --- re-building ‘extending.Rmd’ using rmarkdown
    Warning in engine$weave(file, quiet = quiet, encoding = enc) :
     Pandoc (>= 1.12.3) and/or pandoc-citeproc not available. Falling back to R Markdown v1.
    --- finished re-building ‘extending.Rmd’
    
    --- re-building ‘printing.Rmd’ using rmarkdown
    Warning in engine$weave(file, quiet = quiet, encoding = enc) :
     Pandoc (>= 1.12.3) and/or pandoc-citeproc not available. Falling back to R Markdown v1.
    Quitting from lines 64-65 (printing.Rmd)
    Error: processing vignette 'printing.Rmd' failed with diagnostics:
    invalid 'path' argument
    --- failed re-building ‘printing.Rmd’
    
    SUMMARY: processing the following file failed:
     ‘printing.Rmd’
    
    Error: Vignette re-building failed.
    Execution halted
Flavors: r-release-macos-x86_64, r-oldrel-macos-x86_64