Last updated on 2024-04-18 08:54:41 CEST.
Flavor | Version | Tinstall | Tcheck | Ttotal | Status | Flags |
---|---|---|---|---|---|---|
r-devel-linux-x86_64-debian-clang | 1.0.0 | 19.95 | 28.95 | 48.90 | NOTE | |
r-devel-linux-x86_64-debian-gcc | 1.0.0 | 15.50 | 21.82 | 37.32 | NOTE | |
r-devel-linux-x86_64-fedora-clang | 1.0.0 | 70.94 | NOTE | |||
r-devel-linux-x86_64-fedora-gcc | 1.0.0 | 65.32 | NOTE | |||
r-prerel-macos-arm64 | 1.0.0 | 20.00 | NOTE | |||
r-prerel-windows-x86_64 | 1.0.0 | 20.00 | 57.00 | 77.00 | NOTE | |
r-patched-linux-x86_64 | 1.0.0 | 17.90 | 28.12 | 46.02 | NOTE | |
r-release-linux-x86_64 | 1.0.0 | 16.46 | 28.16 | 44.62 | NOTE | |
r-release-macos-arm64 | 1.0.0 | 25.00 | NOTE | |||
r-release-macos-x86_64 | 1.0.0 | 35.00 | NOTE | |||
r-release-windows-x86_64 | 1.0.0 | 21.00 | 65.00 | 86.00 | NOTE | |
r-oldrel-macos-arm64 | 1.0.0 | 27.00 | NOTE | |||
r-oldrel-windows-x86_64 | 1.0.0 | 27.00 | 67.00 | 94.00 | NOTE |
Version: 1.0.0
Check: C++ specification
Result: NOTE
Specified C++11: please drop specification unless essential
Flavors: r-devel-linux-x86_64-debian-clang, r-devel-linux-x86_64-debian-gcc, r-devel-linux-x86_64-fedora-clang, r-devel-linux-x86_64-fedora-gcc, r-prerel-macos-arm64, r-prerel-windows-x86_64, r-patched-linux-x86_64, r-release-linux-x86_64, r-release-macos-arm64, r-release-macos-x86_64, r-release-windows-x86_64
Version: 1.0.0
Check: LazyData
Result: NOTE
'LazyData' is specified without a 'data' directory
Flavors: r-devel-linux-x86_64-debian-clang, r-devel-linux-x86_64-debian-gcc, r-devel-linux-x86_64-fedora-clang, r-devel-linux-x86_64-fedora-gcc, r-prerel-macos-arm64, r-prerel-windows-x86_64, r-patched-linux-x86_64, r-release-linux-x86_64, r-release-macos-arm64, r-release-macos-x86_64, r-release-windows-x86_64, r-oldrel-macos-arm64, r-oldrel-windows-x86_64