Last updated on 2021-04-22 08:48:27 CEST.
Flavor | Version | Tinstall | Tcheck | Ttotal | Status | Flags |
---|---|---|---|---|---|---|
r-devel-linux-x86_64-debian-clang | 0.2.3 | 11.33 | 146.51 | 157.84 | OK | |
r-devel-linux-x86_64-debian-gcc | 0.2.3 | 10.43 | 111.14 | 121.57 | OK | |
r-devel-linux-x86_64-fedora-clang | 0.2.3 | 203.45 | OK | |||
r-devel-linux-x86_64-fedora-gcc | 0.2.3 | 188.71 | OK | |||
r-devel-windows-ix86+x86_64 | 0.2.3 | 28.00 | 150.00 | 178.00 | OK | |
r-devel-windows-x86_64-gcc10-UCRT | 0.2.3 | OK | ||||
r-patched-linux-x86_64 | 0.2.3 | 10.97 | 144.25 | 155.22 | OK | |
r-patched-solaris-x86 | 0.2.3 | 282.40 | NOTE | |||
r-release-linux-x86_64 | 0.2.3 | 10.84 | 144.48 | 155.32 | OK | |
r-release-macos-x86_64 | 0.2.3 | OK | ||||
r-release-windows-ix86+x86_64 | 0.2.3 | 28.00 | 150.00 | 178.00 | OK | |
r-oldrel-macos-x86_64 | 0.2.3 | OK | ||||
r-oldrel-windows-ix86+x86_64 | 0.2.3 | 39.00 | 183.00 | 222.00 | OK |
Version: 0.2.3
Check: installed package size
Result: NOTE
installed size is 5.1Mb
sub-directories of 1Mb or more:
doc 4.4Mb
Flavor: r-patched-solaris-x86