CRAN Package Check Results for Package pkgsearch

Last updated on 2021-08-01 08:52:46 CEST.

Flavor Version Tinstall Tcheck Ttotal Status Flags
r-devel-linux-x86_64-debian-clang 3.0.3 4.47 34.29 38.76 NOTE
r-devel-linux-x86_64-debian-gcc 3.0.3 3.58 26.25 29.83 NOTE
r-devel-linux-x86_64-fedora-clang 3.0.3 54.80 NOTE
r-devel-linux-x86_64-fedora-gcc 3.0.3 43.95 NOTE
r-devel-windows-x86_64 3.0.3 4.00 53.00 57.00 NOTE
r-devel-windows-x86_64-gcc10-UCRT 3.0.3 NOTE
r-patched-linux-x86_64 3.0.3 NOTE
r-patched-solaris-x86 3.0.3 65.30 NOTE
r-release-linux-x86_64 3.0.3 4.27 33.03 37.30 NOTE
r-release-macos-arm64 3.0.3 NOTE
r-release-macos-x86_64 3.0.3 NOTE
r-release-windows-ix86+x86_64 3.0.3 8.00 53.00 61.00 NOTE
r-oldrel-macos-x86_64 3.0.3 OK
r-oldrel-windows-ix86+x86_64 3.0.3 5.00 54.00 59.00 OK

Check Details

Version: 3.0.3
Check: LazyData
Result: NOTE
     'LazyData' is specified without a 'data' directory
Flavors: r-devel-linux-x86_64-debian-clang, r-devel-linux-x86_64-debian-gcc, r-devel-linux-x86_64-fedora-clang, r-devel-linux-x86_64-fedora-gcc, r-devel-windows-x86_64, r-devel-windows-x86_64-gcc10-UCRT, r-patched-linux-x86_64, r-patched-solaris-x86, r-release-linux-x86_64, r-release-macos-arm64, r-release-macos-x86_64, r-release-windows-ix86+x86_64