Last updated on 2024-05-05 08:52:59 CEST.
Flavor | Version | Tinstall | Tcheck | Ttotal | Status | Flags |
---|---|---|---|---|---|---|
r-devel-linux-x86_64-debian-clang | 0.1.3 | 135.51 | 87.15 | 222.66 | OK | |
r-devel-linux-x86_64-debian-gcc | 0.1.3 | 124.59 | 71.34 | 195.93 | OK | |
r-devel-linux-x86_64-fedora-clang | 0.1.3 | 274.93 | OK | |||
r-devel-linux-x86_64-fedora-gcc | 0.1.3 | 320.95 | OK | |||
r-devel-windows-x86_64 | 0.1.3 | 92.00 | 102.00 | 194.00 | OK | |
r-patched-linux-x86_64 | 0.1.3 | 135.78 | 88.68 | 224.46 | OK | |
r-release-linux-x86_64 | 0.1.3 | 127.09 | 90.75 | 217.84 | OK | |
r-release-macos-arm64 | 0.1.3 | 75.00 | NOTE | |||
r-release-windows-x86_64 | 0.1.3 | 95.00 | 103.00 | 198.00 | OK | |
r-oldrel-macos-arm64 | 0.1.3 | 63.00 | NOTE | |||
r-oldrel-macos-x86_64 | 0.1.3 | 145.00 | NOTE | |||
r-oldrel-windows-x86_64 | 0.1.3 | 120.00 | 121.00 | 241.00 | OK |
Version: 0.1.3
Check: installed package size
Result: NOTE
installed size is 28.9Mb
sub-directories of 1Mb or more:
libs 28.8Mb
Flavors: r-release-macos-arm64, r-oldrel-macos-arm64, r-oldrel-macos-x86_64