CRAN Package Check Results for Package plfMA

Last updated on 2021-06-21 08:49:58 CEST.

Flavor Version Tinstall Tcheck Ttotal Status Flags
r-devel-linux-x86_64-debian-clang 1.0.5 9.53 70.21 79.74 OK
r-devel-linux-x86_64-debian-gcc 1.0.5 7.74 59.91 67.65 OK
r-devel-linux-x86_64-fedora-clang 1.0.5 105.38 OK
r-devel-linux-x86_64-fedora-gcc 1.0.5 102.25 OK
r-devel-windows-x86_64 1.0.5 12.00 71.00 83.00 OK
r-devel-windows-x86_64-gcc10-UCRT 1.0.5 ERROR
r-patched-linux-x86_64 1.0.5 9.98 70.42 80.40 OK
r-patched-solaris-x86 1.0.5 171.20 OK
r-release-linux-x86_64 1.0.5 8.33 71.01 79.34 OK
r-release-macos-arm64 1.0.5 ERROR
r-release-macos-x86_64 1.0.5 ERROR
r-release-windows-ix86+x86_64 1.0.5 16.00 61.00 77.00 OK
r-oldrel-macos-x86_64 1.0.5 ERROR
r-oldrel-windows-ix86+x86_64 1.0.5 11.00 0.00 11.00 OK

Check Details

Version: 1.0.5
Check: examples
Result: ERROR
    Running examples in 'plfMA-Ex.R' failed
    The error most likely occurred in:
    
    > ### Name: plfMA
    > ### Title: A function to launch the plfMA GUI.
    > ### Aliases: plfMA
    > ### Keywords: GUI
    >
    > ### ** Examples
    >
    > x<-matrix(1:100,ncol=10)
    > plfMA(x)
    Warning in sprintf("gWidgets2%s", name, sep = "") :
     one argument not used by format 'gWidgets2%s'
    Loading required package: gWidgets2RGtk2
    Loading required package: memoise
    Loading required package: RGtk2
    Loading required package: gWidgets2
    Loading required package: digest
    Warning in sprintf("gWidgets2%s", name, sep = "") :
     one argument not used by format 'gWidgets2%s'
    Warning in sprintf("gWidgets2%s", name, sep = "") :
     one argument not used by format 'gWidgets2%s'
    Warning in sprintf("gWidgets2%s", name, sep = "") :
     one argument not used by format 'gWidgets2%s'
    Warning in sprintf("gWidgets2%s", name, sep = "") :
     one argument not used by format 'gWidgets2%s'
    Warning in sprintf("gWidgets2%s", name, sep = "") :
     one argument not used by format 'gWidgets2%s'
    Warning in sprintf("gWidgets2%s", name, sep = "") :
     one argument not used by format 'gWidgets2%s'
    Warning in sprintf("gWidgets2%s", name, sep = "") :
     one argument not used by format 'gWidgets2%s'
    Warning in sprintf("gWidgets2%s", name, sep = "") :
     one argument not used by format 'gWidgets2%s'
    Warning in sprintf("gWidgets2%s", name, sep = "") :
     one argument not used by format 'gWidgets2%s'
    Warning in sprintf("gWidgets2%s", name, sep = "") :
     one argument not used by format 'gWidgets2%s'
    Warning in sprintf("gWidgets2%s", name, sep = "") :
     one argument not used by format 'gWidgets2%s'
    Warning in sprintf("gWidgets2%s", name, sep = "") :
     one argument not used by format 'gWidgets2%s'
    Warning in sprintf("gWidgets2%s", name, sep = "") :
     one argument not used by format 'gWidgets2%s'
    Warning in sprintf("gWidgets2%s", name, sep = "") :
     one argument not used by format 'gWidgets2%s'
    Warning in sprintf("gWidgets2%s", name, sep = "") :
     one argument not used by format 'gWidgets2%s'
    Warning in sprintf("gWidgets2%s", name, sep = "") :
     one argument not used by format 'gWidgets2%s'
    Warning in sprintf("gWidgets2%s", name, sep = "") :
     one argument not used by format 'gWidgets2%s'
    Warning in sprintf("gWidgets2%s", name, sep = "") :
     one argument not used by format 'gWidgets2%s'
    Warning in sprintf("gWidgets2%s", name, sep = "") :
     one argument not used by format 'gWidgets2%s'
    Warning in sprintf("gWidgets2%s", name, sep = "") :
     one argument not used by format 'gWidgets2%s'
    Warning in sprintf("gWidgets2%s", name, sep = "") :
     one argument not used by format 'gWidgets2%s'
    Warning in sprintf("gWidgets2%s", name, sep = "") :
     one argument not used by format 'gWidgets2%s'
    Warning in sprintf("gWidgets2%s", name, sep = "") :
     one argument not used by format 'gWidgets2%s'
    Warning in sprintf("gWidgets2%s", name, sep = "") :
     one argument not used by format 'gWidgets2%s'
    Warning in sprintf("gWidgets2%s", name, sep = "") :
     one argument not used by format 'gWidgets2%s'
    Warning in sprintf("gWidgets2%s", name, sep = "") :
     one argument not used by format 'gWidgets2%s'
    Warning in sprintf("gWidgets2%s", name, sep = "") :
     one argument not used by format 'gWidgets2%s'
    Warning in sprintf("gWidgets2%s", name, sep = "") :
     one argument not used by format 'gWidgets2%s'
    Warning in sprintf("gWidgets2%s", name, sep = "") :
     one argument not used by format 'gWidgets2%s'
    Warning in sprintf("gWidgets2%s", name, sep = "") :
     one argument not used by format 'gWidgets2%s'
    Warning in sprintf("gWidgets2%s", name, sep = "") :
     one argument not used by format 'gWidgets2%s'
    Warning in sprintf("gWidgets2%s", name, sep = "") :
     one argument not used by format 'gWidgets2%s'
    Warning in sprintf("gWidgets2%s", name, sep = "") :
     one argument not used by format 'gWidgets2%s'
    Warning in sprintf("gWidgets2%s", name, sep = "") :
     one argument not used by format 'gWidgets2%s'
    Warning in sprintf("gWidgets2%s", name, sep = "") :
     one argument not used by format 'gWidgets2%s'
    Warning in sprintf("gWidgets2%s", name, sep = "") :
     one argument not used by format 'gWidgets2%s'
    Warning in sprintf("gWidgets2%s", name, sep = "") :
     one argument not used by format 'gWidgets2%s'
    Warning in sprintf("gWidgets2%s", name, sep = "") :
     one argument not used by format 'gWidgets2%s'
    Warning in sprintf("gWidgets2%s", name, sep = "") :
     one argument not used by format 'gWidgets2%s'
    Warning in sprintf("gWidgets2%s", name, sep = "") :
     one argument not used by format 'gWidgets2%s'
    Warning in sprintf("gWidgets2%s", name, sep = "") :
     one argument not used by format 'gWidgets2%s'
    Warning in sprintf("gWidgets2%s", name, sep = "") :
     one argument not used by format 'gWidgets2%s'
    Warning in sprintf("gWidgets2%s", name, sep = "") :
     one argument not used by format 'gWidgets2%s'
    Warning in sprintf("gWidgets2%s", name, sep = "") :
     one argument not used by format 'gWidgets2%s'
    Warning in sprintf("gWidgets2%s", name, sep = "") :
     one argument not used by format 'gWidgets2%s'
    Warning in sprintf("gWidgets2%s", name, sep = "") :
     one argument not used by format 'gWidgets2%s'
    Warning in sprintf("gWidgets2%s", name, sep = "") :
     one argument not used by format 'gWidgets2%s'
    Warning in sprintf("gWidgets2%s", name, sep = "") :
     one argument not used by format 'gWidgets2%s'
    Warning in sprintf("gWidgets2%s", name, sep = "") :
     one argument not used by format 'gWidgets2%s'
    Warning in sprintf("gWidgets2%s", name, sep = "") :
     one argument not used by format 'gWidgets2%s'
    Warning in sprintf("gWidgets2%s", name, sep = "") :
     one argument not used by format 'gWidgets2%s'
    Warning in sprintf("gWidgets2%s", name, sep = "") :
     one argument not used by format 'gWidgets2%s'
    Warning in sprintf("gWidgets2%s", name, sep = "") :
     one argument not used by format 'gWidgets2%s'
    Warning in sprintf("gWidgets2%s", name, sep = "") :
     one argument not used by format 'gWidgets2%s'
    Warning in sprintf("gWidgets2%s", name, sep = "") :
     one argument not used by format 'gWidgets2%s'
    Warning in sprintf("gWidgets2%s", name, sep = "") :
     one argument not used by format 'gWidgets2%s'
    Warning in sprintf("gWidgets2%s", name, sep = "") :
     one argument not used by format 'gWidgets2%s'
    Warning in sprintf("gWidgets2%s", name, sep = "") :
     one argument not used by format 'gWidgets2%s'
    Warning in sprintf("gWidgets2%s", name, sep = "") :
     one argument not used by format 'gWidgets2%s'
    Warning in sprintf("gWidgets2%s", name, sep = "") :
     one argument not used by format 'gWidgets2%s'
    Warning in sprintf("gWidgets2%s", name, sep = "") :
     one argument not used by format 'gWidgets2%s'
    Warning in sprintf("gWidgets2%s", name, sep = "") :
     one argument not used by format 'gWidgets2%s'
    Warning in sprintf("gWidgets2%s", name, sep = "") :
     one argument not used by format 'gWidgets2%s'
    Warning in sprintf("gWidgets2%s", name, sep = "") :
     one argument not used by format 'gWidgets2%s'
    Warning in sprintf("gWidgets2%s", name, sep = "") :
     one argument not used by format 'gWidgets2%s'
    Warning in sprintf("gWidgets2%s", name, sep = "") :
     one argument not used by format 'gWidgets2%s'
    Warning in sprintf("gWidgets2%s", name, sep = "") :
     one argument not used by format 'gWidgets2%s'
    Warning in sprintf("gWidgets2%s", name, sep = "") :
     one argument not used by format 'gWidgets2%s'
    Warning in sprintf("gWidgets2%s", name, sep = "") :
     one argument not used by format 'gWidgets2%s'
    Warning in sprintf("gWidgets2%s", name, sep = "") :
     one argument not used by format 'gWidgets2%s'
    Warning in sprintf("gWidgets2%s", name, sep = "") :
     one argument not used by format 'gWidgets2%s'
    Warning in sprintf("gWidgets2%s", name, sep = "") :
     one argument not used by format 'gWidgets2%s'
    Warning in sprintf("gWidgets2%s", name, sep = "") :
     one argument not used by format 'gWidgets2%s'
    Warning in sprintf("gWidgets2%s", name, sep = "") :
     one argument not used by format 'gWidgets2%s'
    Warning in sprintf("gWidgets2%s", name, sep = "") :
     one argument not used by format 'gWidgets2%s'
    Warning in sprintf("gWidgets2%s", name, sep = "") :
     one argument not used by format 'gWidgets2%s'
    Warning in sprintf("gWidgets2%s", name, sep = "") :
     one argument not used by format 'gWidgets2%s'
    Warning in sprintf("gWidgets2%s", name, sep = "") :
     one argument not used by format 'gWidgets2%s'
    Warning in sprintf("gWidgets2%s", name, sep = "") :
     one argument not used by format 'gWidgets2%s'
    Warning in sprintf("gWidgets2%s", name, sep = "") :
     one argument not used by format 'gWidgets2%s'
    Warning in sprintf("gWidgets2%s", name, sep = "") :
     one argument not used by format 'gWidgets2%s'
    Warning in sprintf("gWidgets2%s", name, sep = "") :
     one argument not used by format 'gWidgets2%s'
    Warning in sprintf("gWidgets2%s", name, sep = "") :
     one argument not used by format 'gWidgets2%s'
    Warning in sprintf("gWidgets2%s", name, sep = "") :
     one argument not used by format 'gWidgets2%s'
    Warning in sprintf("gWidgets2%s", name, sep = "") :
     one argument not used by format 'gWidgets2%s'
    Warning in sprintf("gWidgets2%s", name, sep = "") :
     one argument not used by format 'gWidgets2%s'
    Warning in sprintf("gWidgets2%s", name, sep = "") :
     one argument not used by format 'gWidgets2%s'
    Warning in sprintf("gWidgets2%s", name, sep = "") :
     one argument not used by format 'gWidgets2%s'
    Warning in sprintf("gWidgets2%s", name, sep = "") :
     one argument not used by format 'gWidgets2%s'
    Warning in sprintf("gWidgets2%s", name, sep = "") :
     one argument not used by format 'gWidgets2%s'
    Warning in sprintf("gWidgets2%s", name, sep = "") :
     one argument not used by format 'gWidgets2%s'
    Warning in sprintf("gWidgets2%s", name, sep = "") :
     one argument not used by format 'gWidgets2%s'
    Warning in sprintf("gWidgets2%s", name, sep = "") :
     one argument not used by format 'gWidgets2%s'
    Warning in sprintf("gWidgets2%s", name, sep = "") :
     one argument not used by format 'gWidgets2%s'
    Warning in sprintf("gWidgets2%s", name, sep = "") :
     one argument not used by format 'gWidgets2%s'
    Warning in sprintf("gWidgets2%s", name, sep = "") :
     one argument not used by format 'gWidgets2%s'
    Warning in sprintf("gWidgets2%s", name, sep = "") :
     one argument not used by format 'gWidgets2%s'
    Warning in sprintf("gWidgets2%s", name, sep = "") :
     one argument not used by format 'gWidgets2%s'
    Warning in sprintf("gWidgets2%s", name, sep = "") :
     one argument not used by format 'gWidgets2%s'
    Warning in sprintf("gWidgets2%s", name, sep = "") :
     one argument not used by format 'gWidgets2%s'
    Warning in sprintf("gWidgets2%s", name, sep = "") :
     one argument not used by format 'gWidgets2%s'
    Warning in sprintf("gWidgets2%s", name, sep = "") :
     one argument not used by format 'gWidgets2%s'
    Warning in sprintf("gWidgets2%s", name, sep = "") :
     one argument not used by format 'gWidgets2%s'
    Warning in sprintf("gWidgets2%s", name, sep = "") :
     one argument not used by format 'gWidgets2%s'
    Warning in sprintf("gWidgets2%s", name, sep = "") :
     one argument not used by format 'gWidgets2%s'
    
    (Rterm.exe:131444): GLib-GObject-WARNING **: invalid cast from '(NULL)' to 'GdkDrawable'
Flavor: r-devel-windows-x86_64-gcc10-UCRT

Version: 1.0.5
Check: package dependencies
Result: ERROR
    Packages required but not available:
     'RGtk2', 'gWidgets2RGtk2', 'cairoDevice'
    
    See section ‘The DESCRIPTION file’ in the ‘Writing R Extensions’
    manual.
Flavor: r-release-macos-arm64

Version: 1.0.5
Check: examples
Result: ERROR
    Running examples in ‘plfMA-Ex.R’ failed
    The error most likely occurred in:
    
    > ### Name: plfMA
    > ### Title: A function to launch the plfMA GUI.
    > ### Aliases: plfMA
    > ### Keywords: GUI
    >
    > ### ** Examples
    >
    > x<-matrix(1:100,ncol=10)
    > plfMA(x)
    Warning in sprintf("gWidgets2%s", name, sep = "") :
     one argument not used by format 'gWidgets2%s'
    Loading required package: gWidgets2RGtk2
    Loading required package: memoise
    Loading required package: RGtk2
    Loading required package: gWidgets2
    Loading required package: digest
    Warning in sprintf("gWidgets2%s", name, sep = "") :
     one argument not used by format 'gWidgets2%s'
    Warning in sprintf("gWidgets2%s", name, sep = "") :
     one argument not used by format 'gWidgets2%s'
    Warning in sprintf("gWidgets2%s", name, sep = "") :
     one argument not used by format 'gWidgets2%s'
    Warning in sprintf("gWidgets2%s", name, sep = "") :
     one argument not used by format 'gWidgets2%s'
    Warning in sprintf("gWidgets2%s", name, sep = "") :
     one argument not used by format 'gWidgets2%s'
    Warning in sprintf("gWidgets2%s", name, sep = "") :
     one argument not used by format 'gWidgets2%s'
    Warning in sprintf("gWidgets2%s", name, sep = "") :
     one argument not used by format 'gWidgets2%s'
    Warning in sprintf("gWidgets2%s", name, sep = "") :
     one argument not used by format 'gWidgets2%s'
    Warning in sprintf("gWidgets2%s", name, sep = "") :
     one argument not used by format 'gWidgets2%s'
    Warning in sprintf("gWidgets2%s", name, sep = "") :
     one argument not used by format 'gWidgets2%s'
    Warning in sprintf("gWidgets2%s", name, sep = "") :
     one argument not used by format 'gWidgets2%s'
    Warning in sprintf("gWidgets2%s", name, sep = "") :
     one argument not used by format 'gWidgets2%s'
    Warning in sprintf("gWidgets2%s", name, sep = "") :
     one argument not used by format 'gWidgets2%s'
    Warning in sprintf("gWidgets2%s", name, sep = "") :
     one argument not used by format 'gWidgets2%s'
    Warning in sprintf("gWidgets2%s", name, sep = "") :
     one argument not used by format 'gWidgets2%s'
    Warning in sprintf("gWidgets2%s", name, sep = "") :
     one argument not used by format 'gWidgets2%s'
    Warning in sprintf("gWidgets2%s", name, sep = "") :
     one argument not used by format 'gWidgets2%s'
    Warning in sprintf("gWidgets2%s", name, sep = "") :
     one argument not used by format 'gWidgets2%s'
    Warning in sprintf("gWidgets2%s", name, sep = "") :
     one argument not used by format 'gWidgets2%s'
    Warning in sprintf("gWidgets2%s", name, sep = "") :
     one argument not used by format 'gWidgets2%s'
    Warning in sprintf("gWidgets2%s", name, sep = "") :
     one argument not used by format 'gWidgets2%s'
    Warning in sprintf("gWidgets2%s", name, sep = "") :
     one argument not used by format 'gWidgets2%s'
    Warning in sprintf("gWidgets2%s", name, sep = "") :
     one argument not used by format 'gWidgets2%s'
    Warning in sprintf("gWidgets2%s", name, sep = "") :
     one argument not used by format 'gWidgets2%s'
    Warning in sprintf("gWidgets2%s", name, sep = "") :
     one argument not used by format 'gWidgets2%s'
    Warning in sprintf("gWidgets2%s", name, sep = "") :
     one argument not used by format 'gWidgets2%s'
    Warning in sprintf("gWidgets2%s", name, sep = "") :
     one argument not used by format 'gWidgets2%s'
    Warning in sprintf("gWidgets2%s", name, sep = "") :
     one argument not used by format 'gWidgets2%s'
    Warning in sprintf("gWidgets2%s", name, sep = "") :
     one argument not used by format 'gWidgets2%s'
    Warning in sprintf("gWidgets2%s", name, sep = "") :
     one argument not used by format 'gWidgets2%s'
    Warning in sprintf("gWidgets2%s", name, sep = "") :
     one argument not used by format 'gWidgets2%s'
    Warning in sprintf("gWidgets2%s", name, sep = "") :
     one argument not used by format 'gWidgets2%s'
    Warning in sprintf("gWidgets2%s", name, sep = "") :
     one argument not used by format 'gWidgets2%s'
    Warning in sprintf("gWidgets2%s", name, sep = "") :
     one argument not used by format 'gWidgets2%s'
    Warning in sprintf("gWidgets2%s", name, sep = "") :
     one argument not used by format 'gWidgets2%s'
    Warning in sprintf("gWidgets2%s", name, sep = "") :
     one argument not used by format 'gWidgets2%s'
    Warning in sprintf("gWidgets2%s", name, sep = "") :
     one argument not used by format 'gWidgets2%s'
    Warning in sprintf("gWidgets2%s", name, sep = "") :
     one argument not used by format 'gWidgets2%s'
    Warning in sprintf("gWidgets2%s", name, sep = "") :
     one argument not used by format 'gWidgets2%s'
    Warning in sprintf("gWidgets2%s", name, sep = "") :
     one argument not used by format 'gWidgets2%s'
    Warning in sprintf("gWidgets2%s", name, sep = "") :
     one argument not used by format 'gWidgets2%s'
    Warning in sprintf("gWidgets2%s", name, sep = "") :
     one argument not used by format 'gWidgets2%s'
    Warning in sprintf("gWidgets2%s", name, sep = "") :
     one argument not used by format 'gWidgets2%s'
    Warning in sprintf("gWidgets2%s", name, sep = "") :
     one argument not used by format 'gWidgets2%s'
    Warning in sprintf("gWidgets2%s", name, sep = "") :
     one argument not used by format 'gWidgets2%s'
    Warning in sprintf("gWidgets2%s", name, sep = "") :
     one argument not used by format 'gWidgets2%s'
    Warning in sprintf("gWidgets2%s", name, sep = "") :
     one argument not used by format 'gWidgets2%s'
    Warning in sprintf("gWidgets2%s", name, sep = "") :
     one argument not used by format 'gWidgets2%s'
    Warning in sprintf("gWidgets2%s", name, sep = "") :
     one argument not used by format 'gWidgets2%s'
    Warning in sprintf("gWidgets2%s", name, sep = "") :
     one argument not used by format 'gWidgets2%s'
    Warning in sprintf("gWidgets2%s", name, sep = "") :
     one argument not used by format 'gWidgets2%s'
    Warning in sprintf("gWidgets2%s", name, sep = "") :
     one argument not used by format 'gWidgets2%s'
    Warning in sprintf("gWidgets2%s", name, sep = "") :
     one argument not used by format 'gWidgets2%s'
    Warning in sprintf("gWidgets2%s", name, sep = "") :
     one argument not used by format 'gWidgets2%s'
    Warning in sprintf("gWidgets2%s", name, sep = "") :
     one argument not used by format 'gWidgets2%s'
    Warning in sprintf("gWidgets2%s", name, sep = "") :
     one argument not used by format 'gWidgets2%s'
    Warning in sprintf("gWidgets2%s", name, sep = "") :
     one argument not used by format 'gWidgets2%s'
    Warning in sprintf("gWidgets2%s", name, sep = "") :
     one argument not used by format 'gWidgets2%s'
    Warning in sprintf("gWidgets2%s", name, sep = "") :
     one argument not used by format 'gWidgets2%s'
    Warning in sprintf("gWidgets2%s", name, sep = "") :
     one argument not used by format 'gWidgets2%s'
    Warning in sprintf("gWidgets2%s", name, sep = "") :
     one argument not used by format 'gWidgets2%s'
    Warning in sprintf("gWidgets2%s", name, sep = "") :
     one argument not used by format 'gWidgets2%s'
    Warning in sprintf("gWidgets2%s", name, sep = "") :
     one argument not used by format 'gWidgets2%s'
    Warning in sprintf("gWidgets2%s", name, sep = "") :
     one argument not used by format 'gWidgets2%s'
    Warning in sprintf("gWidgets2%s", name, sep = "") :
     one argument not used by format 'gWidgets2%s'
    Warning in sprintf("gWidgets2%s", name, sep = "") :
     one argument not used by format 'gWidgets2%s'
    Warning in sprintf("gWidgets2%s", name, sep = "") :
     one argument not used by format 'gWidgets2%s'
    Warning in sprintf("gWidgets2%s", name, sep = "") :
     one argument not used by format 'gWidgets2%s'
    Warning in sprintf("gWidgets2%s", name, sep = "") :
     one argument not used by format 'gWidgets2%s'
    Warning in sprintf("gWidgets2%s", name, sep = "") :
     one argument not used by format 'gWidgets2%s'
    Warning in sprintf("gWidgets2%s", name, sep = "") :
     one argument not used by format 'gWidgets2%s'
    Warning in sprintf("gWidgets2%s", name, sep = "") :
     one argument not used by format 'gWidgets2%s'
    Warning in sprintf("gWidgets2%s", name, sep = "") :
     one argument not used by format 'gWidgets2%s'
    Warning in sprintf("gWidgets2%s", name, sep = "") :
     one argument not used by format 'gWidgets2%s'
    Warning in sprintf("gWidgets2%s", name, sep = "") :
     one argument not used by format 'gWidgets2%s'
    Warning in sprintf("gWidgets2%s", name, sep = "") :
     one argument not used by format 'gWidgets2%s'
    Warning in sprintf("gWidgets2%s", name, sep = "") :
     one argument not used by format 'gWidgets2%s'
    Warning in sprintf("gWidgets2%s", name, sep = "") :
     one argument not used by format 'gWidgets2%s'
    Warning in sprintf("gWidgets2%s", name, sep = "") :
     one argument not used by format 'gWidgets2%s'
    Warning in sprintf("gWidgets2%s", name, sep = "") :
     one argument not used by format 'gWidgets2%s'
    Warning in sprintf("gWidgets2%s", name, sep = "") :
     one argument not used by format 'gWidgets2%s'
    Warning in sprintf("gWidgets2%s", name, sep = "") :
     one argument not used by format 'gWidgets2%s'
    Warning in sprintf("gWidgets2%s", name, sep = "") :
     one argument not used by format 'gWidgets2%s'
    Warning in sprintf("gWidgets2%s", name, sep = "") :
     one argument not used by format 'gWidgets2%s'
    Warning in sprintf("gWidgets2%s", name, sep = "") :
     one argument not used by format 'gWidgets2%s'
    Warning in sprintf("gWidgets2%s", name, sep = "") :
     one argument not used by format 'gWidgets2%s'
    Warning in sprintf("gWidgets2%s", name, sep = "") :
     one argument not used by format 'gWidgets2%s'
    Warning in sprintf("gWidgets2%s", name, sep = "") :
     one argument not used by format 'gWidgets2%s'
    Warning in sprintf("gWidgets2%s", name, sep = "") :
     one argument not used by format 'gWidgets2%s'
    Warning in sprintf("gWidgets2%s", name, sep = "") :
     one argument not used by format 'gWidgets2%s'
    Warning in sprintf("gWidgets2%s", name, sep = "") :
     one argument not used by format 'gWidgets2%s'
    Warning in sprintf("gWidgets2%s", name, sep = "") :
     one argument not used by format 'gWidgets2%s'
    Warning in sprintf("gWidgets2%s", name, sep = "") :
     one argument not used by format 'gWidgets2%s'
    Warning in sprintf("gWidgets2%s", name, sep = "") :
     one argument not used by format 'gWidgets2%s'
    Warning in sprintf("gWidgets2%s", name, sep = "") :
     one argument not used by format 'gWidgets2%s'
    Warning in sprintf("gWidgets2%s", name, sep = "") :
     one argument not used by format 'gWidgets2%s'
    Warning in sprintf("gWidgets2%s", name, sep = "") :
     one argument not used by format 'gWidgets2%s'
    Warning in sprintf("gWidgets2%s", name, sep = "") :
     one argument not used by format 'gWidgets2%s'
    Warning in sprintf("gWidgets2%s", name, sep = "") :
     one argument not used by format 'gWidgets2%s'
    Warning in sprintf("gWidgets2%s", name, sep = "") :
     one argument not used by format 'gWidgets2%s'
    Warning in sprintf("gWidgets2%s", name, sep = "") :
     one argument not used by format 'gWidgets2%s'
    Warning in sprintf("gWidgets2%s", name, sep = "") :
     one argument not used by format 'gWidgets2%s'
    Warning in sprintf("gWidgets2%s", name, sep = "") :
     one argument not used by format 'gWidgets2%s'
    Warning in sprintf("gWidgets2%s", name, sep = "") :
     one argument not used by format 'gWidgets2%s'
    Warning in sprintf("gWidgets2%s", name, sep = "") :
     one argument not used by format 'gWidgets2%s'
    Warning in sprintf("gWidgets2%s", name, sep = "") :
     one argument not used by format 'gWidgets2%s'
    Warning in sprintf("gWidgets2%s", name, sep = "") :
     one argument not used by format 'gWidgets2%s'
    Warning in sprintf("gWidgets2%s", name, sep = "") :
     one argument not used by format 'gWidgets2%s'
    Warning in sprintf("gWidgets2%s", name, sep = "") :
     one argument not used by format 'gWidgets2%s'
    Warning in sprintf("gWidgets2%s", name, sep = "") :
     one argument not used by format 'gWidgets2%s'
    
     *** caught segfault ***
    address 0x0, cause 'memory not mapped'
    
    Traceback:
     1: .RGtkCall("S_gtk_widget_set_visible", object, visible, PACKAGE = "RGtk2")
     2: method(obj, ...)
     3: widget$setVisible(as.logical(value))
     4: obj$set_visible(as.logical(value))
     5: `visible<-.default`(`*tmp*`, value = TRUE)
     6: `visible<-`(`*tmp*`, value = TRUE)
     7: plfMA(x)
    An irrecoverable exception occurred. R is aborting now ...
Flavor: r-release-macos-x86_64

Version: 1.0.5
Check: examples
Result: ERROR
    Running examples in ‘plfMA-Ex.R’ failed
    The error most likely occurred in:
    
    > ### Name: plfMA
    > ### Title: A function to launch the plfMA GUI.
    > ### Aliases: plfMA
    > ### Keywords: GUI
    >
    > ### ** Examples
    >
    > x<-matrix(1:100,ncol=10)
    > plfMA(x)
    Loading required package: gWidgets2RGtk2
    Loading required package: memoise
    Loading required package: RGtk2
    Loading required package: gWidgets2
    Loading required package: digest
    
     *** caught segfault ***
    address 0x0, cause 'memory not mapped'
    
    Traceback:
     1: .RGtkCall("S_gtk_widget_set_visible", object, visible, PACKAGE = "RGtk2")
     2: method(obj, ...)
     3: widget$setVisible(as.logical(value))
     4: obj$set_visible(as.logical(value))
     5: `visible<-.default`(`*tmp*`, value = TRUE)
     6: `visible<-`(`*tmp*`, value = TRUE)
     7: plfMA(x)
    An irrecoverable exception occurred. R is aborting now ...
Flavor: r-oldrel-macos-x86_64