Last updated on 2024-04-23 08:58:11 CEST.
Flavor | Version | Tinstall | Tcheck | Ttotal | Status | Flags |
---|---|---|---|---|---|---|
r-devel-linux-x86_64-debian-clang | 0.2.0 | 1.67 | 32.19 | 33.86 | NOTE | |
r-devel-linux-x86_64-debian-gcc | 0.2.0 | 1.24 | 23.72 | 24.96 | NOTE | |
r-devel-linux-x86_64-fedora-clang | 0.2.0 | 44.66 | NOTE | |||
r-devel-linux-x86_64-fedora-gcc | 0.2.0 | 40.69 | NOTE | |||
r-prerel-macos-arm64 | 0.2.0 | 17.00 | NOTE | |||
r-prerel-windows-x86_64 | 0.2.0 | 2.00 | 50.00 | 52.00 | NOTE | |
r-patched-linux-x86_64 | 0.2.0 | 1.80 | 31.04 | 32.84 | NOTE | |
r-release-linux-x86_64 | 0.2.0 | 1.55 | 30.98 | 32.53 | NOTE | |
r-release-macos-arm64 | 0.2.0 | 21.00 | NOTE | |||
r-release-macos-x86_64 | 0.2.0 | 25.00 | NOTE | |||
r-release-windows-x86_64 | 0.2.0 | 2.00 | 48.00 | 50.00 | NOTE | |
r-oldrel-macos-arm64 | 0.2.0 | 19.00 | NOTE | |||
r-oldrel-windows-x86_64 | 0.2.0 | 3.00 | 52.00 | 55.00 | NOTE |
Version: 0.2.0
Check: LazyData
Result: NOTE
'LazyData' is specified without a 'data' directory
Flavors: r-devel-linux-x86_64-debian-clang, r-devel-linux-x86_64-debian-gcc, r-devel-linux-x86_64-fedora-clang, r-devel-linux-x86_64-fedora-gcc, r-prerel-macos-arm64, r-prerel-windows-x86_64, r-patched-linux-x86_64, r-release-linux-x86_64, r-release-macos-arm64, r-release-macos-x86_64, r-release-windows-x86_64, r-oldrel-macos-arm64, r-oldrel-windows-x86_64