Last updated on 2024-04-25 08:00:01 CEST.
Flavor | Version | Tinstall | Tcheck | Ttotal | Status | Flags |
---|---|---|---|---|---|---|
r-devel-linux-x86_64-debian-clang | 1.6.2 | 3.92 | 100.48 | 104.40 | OK | |
r-devel-linux-x86_64-debian-gcc | 1.6.2 | 2.75 | 79.78 | 82.53 | OK | |
r-devel-linux-x86_64-fedora-clang | 1.6.2 | 139.95 | NOTE | |||
r-devel-linux-x86_64-fedora-gcc | 1.6.2 | 148.20 | OK | |||
r-devel-windows-x86_64 | 1.6.2 | 5.00 | 62.00 | 67.00 | OK | |
r-patched-linux-x86_64 | 1.6.2 | 3.18 | 98.59 | 101.77 | OK | |
r-release-linux-x86_64 | 1.6.2 | 3.17 | 97.47 | 100.64 | OK | |
r-release-macos-arm64 | 1.6.2 | 26.00 | OK | |||
r-release-windows-x86_64 | 1.6.2 | 4.00 | 62.00 | 66.00 | OK | |
r-oldrel-macos-arm64 | 1.6.2 | 29.00 | OK | |||
r-oldrel-macos-x86_64 | 1.6.2 | 46.00 | OK | |||
r-oldrel-windows-x86_64 | 1.6.2 | 5.00 | 65.00 | 70.00 | OK |
Version: 1.6.2
Check: Rd cross-references
Result: NOTE
Undeclared package ‘exams’ in Rd xrefs
Flavor: r-devel-linux-x86_64-fedora-clang