CRAN Package Check Results for Package plotfunctions

Last updated on 2024-06-16 08:55:58 CEST.

Flavor Version Tinstall Tcheck Ttotal Status Flags
r-devel-linux-x86_64-debian-clang 1.4 6.36 50.91 57.27 NOTE
r-devel-linux-x86_64-debian-gcc 1.4 4.46 37.88 42.34 NOTE
r-devel-linux-x86_64-fedora-clang 1.4 69.68 NOTE
r-devel-linux-x86_64-fedora-gcc 1.4 92.88 NOTE
r-devel-windows-x86_64 1.4 6.00 65.00 71.00 NOTE
r-patched-linux-x86_64 1.4 8.22 47.43 55.65 NOTE
r-release-linux-x86_64 1.4 5.55 48.29 53.84 NOTE
r-release-macos-arm64 1.4 29.00 NOTE
r-release-macos-x86_64 1.4 53.00 NOTE
r-release-windows-x86_64 1.4 7.00 66.00 73.00 NOTE
r-oldrel-macos-arm64 1.4 31.00 OK
r-oldrel-macos-x86_64 1.4 48.00 OK
r-oldrel-windows-x86_64 1.4 8.00 70.00 78.00 OK

Check Details

Version: 1.4
Check: Rd files
Result: NOTE checkRd: (-1) add_bars.Rd:15: Lost braces 15 | When \\code{y0} is not specified, the lowest value of the y-axis is used.} | ^ checkRd: (-1) add_bars.Rd:24: Lost braces 24 | \\code{\\link[graphics]{par}}.} | ^ checkRd: (-1) add_bars.Rd:24: Lost braces 24 | \\code{\\link[graphics]{par}}.} | ^ Flavors: r-devel-linux-x86_64-debian-clang, r-devel-linux-x86_64-debian-gcc, r-devel-linux-x86_64-fedora-clang, r-devel-linux-x86_64-fedora-gcc, r-devel-windows-x86_64, r-patched-linux-x86_64, r-release-linux-x86_64, r-release-macos-arm64, r-release-macos-x86_64, r-release-windows-x86_64