CRAN Package Check Results for Package plotrix

Last updated on 2021-09-21 08:50:02 CEST.

Flavor Version Tinstall Tcheck Ttotal Status Flags
r-devel-linux-x86_64-debian-clang 3.8-2 16.67 102.98 119.65 OK
r-devel-linux-x86_64-debian-gcc 3.8-2 9.82 76.13 85.95 OK
r-devel-linux-x86_64-fedora-clang 3.8-2 150.09 OK
r-devel-linux-x86_64-fedora-gcc 3.8-2 141.80 OK
r-devel-windows-x86_64 3.8-2 23.00 92.00 115.00 OK
r-devel-windows-x86_64-gcc10-UCRT 3.8-2 ERROR
r-patched-linux-x86_64 3.8-2 19.68 99.37 119.05 OK
r-patched-solaris-x86 3.8-2 160.20 OK
r-release-linux-x86_64 3.8-2 16.31 98.80 115.11 OK
r-release-macos-arm64 3.8-2 OK
r-release-macos-x86_64 3.8-2 OK
r-release-windows-ix86+x86_64 3.8-2 27.00 94.00 121.00 OK
r-oldrel-macos-x86_64 3.8-2 OK
r-oldrel-windows-ix86+x86_64 3.8-2 27.00 121.00 148.00 OK

Check Details

Version: 3.8-2
Check: whether package can be installed
Result: WARN
    Found the following significant warnings:
     WARNING: installation-time patches will not be applied, could not get the patches index
Flavor: r-devel-windows-x86_64-gcc10-UCRT

Version: 3.8-2
Check: PDF version of manual
Result: WARN
    LaTeX errors when creating PDF version.
    This typically indicates Rd problems.
Flavor: r-devel-windows-x86_64-gcc10-UCRT

Version: 3.8-2
Check: PDF version of manual without hyperrefs or index
Result: ERROR
    Re-running with no redirection of stdout/stderr.
Flavor: r-devel-windows-x86_64-gcc10-UCRT