CRAN Package Check Results for Package plume

Last updated on 2024-04-20 08:51:04 CEST.

Flavor Version Tinstall Tcheck Ttotal Status Flags
r-devel-linux-x86_64-debian-clang 0.2.3 16.89 106.29 123.18 OK
r-devel-linux-x86_64-debian-gcc 0.2.3 10.59 78.60 89.19 OK
r-devel-linux-x86_64-fedora-clang 0.2.3 152.95 NOTE
r-devel-linux-x86_64-fedora-gcc 0.2.3 155.56 NOTE
r-prerel-macos-arm64 0.2.3 53.00 OK
r-prerel-macos-x86_64 0.2.3 116.00 OK
r-prerel-windows-x86_64 0.2.3 13.00 98.00 111.00 OK
r-patched-linux-x86_64 0.2.3 12.67 101.34 114.01 OK
r-release-linux-x86_64 0.2.3 8.11 103.41 111.52 OK
r-release-macos-arm64 0.2.3 61.00 OK
r-release-macos-x86_64 0.2.3 130.00 OK
r-release-windows-x86_64 0.2.3 16.00 112.00 128.00 OK
r-oldrel-macos-arm64 0.2.3 52.00 OK
r-oldrel-windows-x86_64 0.2.3 17.00 121.00 138.00 OK

Check Details

Version: 0.2.3
Check: data for non-ASCII characters
Result: NOTE Note: found 17 marked UTF-8 strings Flavors: r-devel-linux-x86_64-fedora-clang, r-devel-linux-x86_64-fedora-gcc