Last updated on 2024-04-23 08:58:11 CEST.
Flavor | Version | Tinstall | Tcheck | Ttotal | Status | Flags |
---|---|---|---|---|---|---|
r-devel-linux-x86_64-debian-clang | 1.8.9 | 25.38 | 87.13 | 112.51 | OK | |
r-devel-linux-x86_64-debian-gcc | 1.8.9 | 18.32 | 63.53 | 81.85 | OK | |
r-devel-linux-x86_64-fedora-clang | 1.8.9 | 143.39 | OK | |||
r-devel-linux-x86_64-fedora-gcc | 1.8.9 | 135.48 | OK | |||
r-prerel-macos-arm64 | 1.8.9 | 41.00 | NOTE | |||
r-prerel-windows-x86_64 | 1.8.9 | 24.00 | 111.00 | 135.00 | OK | |
r-patched-linux-x86_64 | 1.8.9 | 24.75 | 85.34 | 110.09 | OK | |
r-release-linux-x86_64 | 1.8.9 | 24.22 | 82.06 | 106.28 | OK | |
r-release-macos-arm64 | 1.8.9 | 52.00 | OK | |||
r-release-macos-x86_64 | 1.8.9 | 115.00 | OK | |||
r-release-windows-x86_64 | 1.8.9 | 29.00 | 130.00 | 159.00 | OK | |
r-oldrel-macos-arm64 | 1.8.9 | 59.00 | OK | |||
r-oldrel-windows-x86_64 | 1.8.9 | 26.00 | 114.00 | 140.00 | OK |
Version: 1.8.9
Check: package dependencies
Result: NOTE
Package suggested but not available for checking: ‘abind’
Flavor: r-prerel-macos-arm64