CRAN Package Check Results for Package plyr

Last updated on 2021-03-07 07:48:03 CET.

Flavor Version Tinstall Tcheck Ttotal Status Flags
r-devel-linux-x86_64-debian-clang 1.8.6 21.44 71.58 93.02 OK
r-devel-linux-x86_64-debian-gcc 1.8.6 14.90 54.18 69.08 OK
r-devel-linux-x86_64-fedora-clang 1.8.6 126.10 OK
r-devel-linux-x86_64-fedora-gcc 1.8.6 109.98 OK
r-devel-windows-ix86+x86_64 1.8.6 50.00 125.00 175.00 OK
r-devel-windows-x86_64-gcc10-UCRT 1.8.6 OK
r-patched-linux-x86_64 1.8.6 18.60 68.90 87.50 OK
r-patched-solaris-x86 1.8.6 139.80 OK
r-release-linux-x86_64 1.8.6 18.02 69.95 87.97 OK
r-release-macos-x86_64 1.8.6 OK
r-release-windows-ix86+x86_64 1.8.6 40.00 117.00 157.00 OK
r-oldrel-macos-x86_64 1.8.6 NOTE
r-oldrel-windows-ix86+x86_64 1.8.6 38.00 109.00 147.00 OK

Check Details

Version: 1.8.6
Check: dependencies in R code
Result: NOTE
    No protocol specified
    No protocol specified
Flavor: r-oldrel-macos-x86_64