CRAN Package Check Results for Package polaroid

Last updated on 2021-07-25 08:51:06 CEST.

Flavor Version Tinstall Tcheck Ttotal Status Flags
r-devel-linux-x86_64-debian-clang 0.0.1 2.97 32.61 35.58 NOTE
r-devel-linux-x86_64-debian-gcc 0.0.1 2.56 25.79 28.35 NOTE
r-devel-linux-x86_64-fedora-clang 0.0.1 52.16 NOTE
r-devel-linux-x86_64-fedora-gcc 0.0.1 41.33 NOTE
r-devel-windows-x86_64 0.0.1 5.00 40.00 45.00 NOTE
r-devel-windows-x86_64-gcc10-UCRT 0.0.1 NOTE
r-patched-linux-x86_64 0.0.1 2.78 31.33 34.11 NOTE
r-patched-solaris-x86 0.0.1 67.30 NOTE
r-release-linux-x86_64 0.0.1 3.23 31.46 34.69 NOTE
r-release-macos-arm64 0.0.1 ERROR
r-release-macos-x86_64 0.0.1 NOTE
r-release-windows-ix86+x86_64 0.0.1 9.00 38.00 47.00 NOTE
r-oldrel-macos-x86_64 0.0.1 NOTE
r-oldrel-windows-ix86+x86_64 0.0.1 11.00 51.00 62.00 OK

Check Details

Version: 0.0.1
Check: LazyData
Result: NOTE
     'LazyData' is specified without a 'data' directory
Flavors: r-devel-linux-x86_64-debian-clang, r-devel-linux-x86_64-debian-gcc, r-devel-linux-x86_64-fedora-clang, r-devel-linux-x86_64-fedora-gcc, r-devel-windows-x86_64, r-devel-windows-x86_64-gcc10-UCRT, r-patched-linux-x86_64, r-patched-solaris-x86, r-release-linux-x86_64, r-release-macos-x86_64, r-release-windows-ix86+x86_64

Version: 0.0.1
Check: dependencies in R code
Result: NOTE
    Namespaces in Imports field not imported from:
     ‘argonDash’ ‘argonR’ ‘colourpicker’ ‘ggplot2’ ‘grid’ ‘hexSticker’
     ‘png’ ‘shinyWidgets’
     All declared Imports should be used.
Flavors: r-devel-linux-x86_64-fedora-clang, r-devel-linux-x86_64-fedora-gcc, r-devel-windows-x86_64-gcc10-UCRT, r-patched-solaris-x86, r-release-macos-x86_64, r-oldrel-macos-x86_64

Version: 0.0.1
Check: package dependencies
Result: ERROR
    Package required but not available: ‘hexSticker’
    
    See section ‘The DESCRIPTION file’ in the ‘Writing R Extensions’
    manual.
Flavor: r-release-macos-arm64