Last updated on 2024-03-12 07:50:03 CET.
Flavor | Version | Tinstall | Tcheck | Ttotal | Status | Flags |
---|---|---|---|---|---|---|
r-devel-linux-x86_64-debian-clang | 1.0.1 | 34.84 | 209.25 | 244.09 | NOTE | |
r-devel-linux-x86_64-debian-gcc | 1.0.1 | 27.63 | 158.47 | 186.10 | NOTE | |
r-devel-linux-x86_64-fedora-clang | 1.0.1 | 312.92 | NOTE | |||
r-devel-linux-x86_64-fedora-gcc | 1.0.1 | 321.34 | NOTE | |||
r-devel-windows-x86_64 | 1.0.1 | 24.00 | 149.00 | 173.00 | NOTE | |
r-patched-linux-x86_64 | 1.0.1 | 28.11 | 208.44 | 236.55 | NOTE | |
r-release-linux-x86_64 | 1.0.1 | 26.85 | 209.57 | 236.42 | NOTE | |
r-release-macos-arm64 | 1.0.1 | 73.00 | NOTE | |||
r-release-macos-x86_64 | 1.0.1 | 124.00 | NOTE | |||
r-release-windows-x86_64 | 1.0.1 | 29.00 | 177.00 | 206.00 | NOTE | |
r-oldrel-macos-arm64 | 1.0.1 | 67.00 | NOTE | |||
r-oldrel-windows-x86_64 | 1.0.1 | 32.00 | 185.00 | 217.00 | NOTE |
Version: 1.0.1
Check: package dependencies
Result: NOTE
Package suggested but not available for checking: ‘pollimetrydata’
Flavors: r-devel-linux-x86_64-debian-clang, r-devel-linux-x86_64-debian-gcc, r-devel-linux-x86_64-fedora-clang, r-devel-linux-x86_64-fedora-gcc, r-devel-windows-x86_64, r-patched-linux-x86_64, r-release-linux-x86_64, r-release-macos-arm64, r-release-macos-x86_64, r-release-windows-x86_64, r-oldrel-macos-arm64, r-oldrel-windows-x86_64