CRAN Package Check Results for Package polspline

Last updated on 2021-09-20 08:50:35 CEST.

Flavor Version Tinstall Tcheck Ttotal Status Flags
r-devel-linux-x86_64-debian-clang 1.1.19 42.00 108.44 150.44 OK
r-devel-linux-x86_64-debian-gcc 1.1.19 23.93 82.55 106.48 OK
r-devel-linux-x86_64-fedora-clang 1.1.19 183.31 OK
r-devel-linux-x86_64-fedora-gcc 1.1.19 142.56 OK
r-devel-windows-x86_64 1.1.19 30.00 90.00 120.00 OK
r-devel-windows-x86_64-gcc10-UCRT 1.1.19 ERROR
r-patched-linux-x86_64 1.1.19 26.62 106.93 133.55 OK
r-patched-solaris-x86 1.1.19 226.10 OK
r-release-linux-x86_64 1.1.19 26.97 107.75 134.72 OK
r-release-macos-arm64 1.1.19 OK
r-release-macos-x86_64 1.1.19 OK
r-release-windows-ix86+x86_64 1.1.19 68.00 122.00 190.00 OK
r-oldrel-macos-x86_64 1.1.19 OK
r-oldrel-windows-ix86+x86_64 1.1.19 53.00 124.00 177.00 OK

Check Details

Version: 1.1.19
Check: whether package can be installed
Result: ERROR
    Installation failed.
Flavor: r-devel-windows-x86_64-gcc10-UCRT