Last updated on 2023-01-31 07:54:20 CET.
Flavor | Version | Tinstall | Tcheck | Ttotal | Status | Flags |
---|---|---|---|---|---|---|
r-devel-linux-x86_64-debian-clang | 1.1.2 | 477.84 | 1279.58 | 1757.42 | OK | |
r-devel-linux-x86_64-debian-gcc | 1.1.2 | 356.68 | 867.41 | 1224.09 | OK | |
r-devel-linux-x86_64-fedora-clang | 1.1.2 | 2527.43 | NOTE | |||
r-devel-linux-x86_64-fedora-gcc | 1.1.2 | 1602.11 | OK | |||
r-devel-windows-x86_64 | 1.1.2 | 459.00 | 934.00 | 1393.00 | NOTE | |
r-patched-linux-x86_64 | 1.1.2 | 431.87 | 1158.87 | 1590.74 | OK | |
r-release-linux-x86_64 | 1.1.2 | 440.41 | 1174.07 | 1614.48 | OK | |
r-release-macos-arm64 | 1.1.2 | 311.00 | NOTE | |||
r-release-macos-x86_64 | 1.1.2 | 744.00 | NOTE | |||
r-release-windows-x86_64 | 1.1.2 | 447.00 | 968.00 | 1415.00 | NOTE | |
r-oldrel-macos-arm64 | 1.1.2 | 448.00 | NOTE | |||
r-oldrel-macos-x86_64 | 1.1.2 | 923.00 | NOTE | |||
r-oldrel-windows-ix86+x86_64 | 1.1.2 | 612.00 | 1025.00 | 1637.00 | NOTE |
Version: 1.1.2
Check: installed package size
Result: NOTE
installed size is 12.1Mb
sub-directories of 1Mb or more:
R 6.5Mb
data 4.6Mb
Flavors: r-devel-linux-x86_64-fedora-clang, r-devel-windows-x86_64, r-release-macos-arm64, r-release-macos-x86_64, r-release-windows-x86_64, r-oldrel-macos-arm64, r-oldrel-macos-x86_64, r-oldrel-windows-ix86+x86_64
Version: 1.1.2
Check: package dependencies
Result: NOTE
Package suggested but not available for checking: ‘polyRAD’
Flavors: r-release-macos-arm64, r-oldrel-macos-arm64
Version: 1.1.2
Check: Rd cross-references
Result: NOTE
Package unavailable to check Rd xrefs: ‘polyRAD’
Flavors: r-release-macos-arm64, r-oldrel-macos-arm64