CRAN Package Check Results for Package polyqtlR

Last updated on 2021-05-10 08:49:21 CEST.

Flavor Version Tinstall Tcheck Ttotal Status Flags
r-devel-linux-x86_64-debian-clang 0.0.5 39.68 110.69 150.37 OK
r-devel-linux-x86_64-debian-gcc 0.0.5 27.80 82.58 110.38 OK
r-devel-linux-x86_64-fedora-clang 0.0.5 210.16 NOTE
r-devel-linux-x86_64-fedora-gcc 0.0.5 180.72 OK
r-devel-windows-ix86+x86_64 0.0.5 93.00 200.00 293.00 NOTE
r-devel-windows-x86_64-gcc10-UCRT 0.0.5 OK
r-patched-linux-x86_64 0.0.5 34.58 107.11 141.69 OK
r-patched-solaris-x86 0.0.5 221.10 NOTE
r-release-linux-x86_64 0.0.5 34.06 104.24 138.30 OK
r-release-macos-x86_64 0.0.5 NOTE
r-release-windows-ix86+x86_64 0.0.5 64.00 152.00 216.00 NOTE
r-oldrel-macos-x86_64 0.0.5 NOTE
r-oldrel-windows-ix86+x86_64 0.0.5 74.00 188.00 262.00 NOTE

Check Details

Version: 0.0.5
Check: installed package size
Result: NOTE
     installed size is 5.9Mb
     sub-directories of 1Mb or more:
     data 2.6Mb
     doc 1.7Mb
     libs 1.1Mb
Flavors: r-devel-linux-x86_64-fedora-clang, r-devel-windows-ix86+x86_64, r-patched-solaris-x86, r-release-macos-x86_64, r-release-windows-ix86+x86_64, r-oldrel-macos-x86_64, r-oldrel-windows-ix86+x86_64