Last updated on 2025-01-20 08:48:34 CET.
Flavor | Version | Tinstall | Tcheck | Ttotal | Status | Flags |
---|---|---|---|---|---|---|
r-devel-linux-x86_64-debian-clang | 1.2.4 | 49.19 | 380.92 | 430.11 | OK | |
r-devel-linux-x86_64-debian-gcc | 1.2.4 | 37.77 | 223.91 | 261.68 | OK | |
r-devel-linux-x86_64-fedora-clang | 1.2.4 | 716.79 | OK | |||
r-devel-linux-x86_64-fedora-gcc | 1.2.4 | 717.44 | OK | |||
r-devel-windows-x86_64 | 1.2.4 | 52.00 | 383.00 | 435.00 | OK | |
r-patched-linux-x86_64 | 1.2.4 | 54.98 | 356.66 | 411.64 | OK | |
r-release-linux-x86_64 | 1.2.4 | 51.13 | 361.28 | 412.41 | OK | |
r-release-macos-arm64 | 1.2.4 | 175.00 | NOTE | |||
r-release-macos-x86_64 | 1.2.4 | 612.00 | OK | |||
r-release-windows-x86_64 | 1.2.4 | 56.00 | 388.00 | 444.00 | OK | |
r-oldrel-macos-arm64 | 1.2.4 | 173.00 | NOTE | |||
r-oldrel-macos-x86_64 | 1.2.4 | 374.00 | OK | |||
r-oldrel-windows-x86_64 | 1.2.4 | 62.00 | 475.00 | 537.00 | OK |
Version: 1.2.4
Check: installed package size
Result: NOTE
installed size is 5.2Mb
sub-directories of 1Mb or more:
libs 3.6Mb
Flavors: r-release-macos-arm64, r-oldrel-macos-arm64