Last updated on 2023-02-02 07:53:06 CET.
Flavor | Version | Tinstall | Tcheck | Ttotal | Status | Flags |
---|---|---|---|---|---|---|
r-devel-linux-x86_64-debian-clang | 1.0.0 | 30.04 | 257.01 | 287.05 | OK | |
r-devel-linux-x86_64-debian-gcc | 1.0.0 | 26.90 | 190.94 | 217.84 | OK | |
r-devel-linux-x86_64-fedora-clang | 1.0.0 | 351.27 | NOTE | |||
r-devel-linux-x86_64-fedora-gcc | 1.0.0 | 347.74 | NOTE | |||
r-devel-windows-x86_64 | 1.0.0 | 55.00 | 323.00 | 378.00 | OK | |
r-patched-linux-x86_64 | 1.0.0 | 39.39 | 246.16 | 285.55 | OK | |
r-release-linux-x86_64 | 1.0.0 | 30.07 | 256.84 | 286.91 | OK | |
r-release-macos-arm64 | 1.0.0 | 96.00 | NOTE | |||
r-release-macos-x86_64 | 1.0.0 | 124.00 | NOTE | |||
r-release-windows-x86_64 | 1.0.0 | 57.00 | 325.00 | 382.00 | OK | |
r-oldrel-macos-arm64 | 1.0.0 | 93.00 | NOTE | |||
r-oldrel-macos-x86_64 | 1.0.0 | 119.00 | NOTE | |||
r-oldrel-windows-ix86+x86_64 | 1.0.0 | 68.00 | 284.00 | 352.00 | OK |
Version: 1.0.0
Check: package dependencies
Result: NOTE
Imports includes 23 non-default packages.
Importing from so many packages makes the package vulnerable to any of
them becoming unavailable. Move as many as possible to Suggests and
use conditionally.
Flavor: r-devel-linux-x86_64-fedora-clang
Version: 1.0.0
Check: dependencies in R code
Result: NOTE
Namespaces in Imports field not imported from:
‘psych’ ‘zoo’
All declared Imports should be used.
Flavors: r-devel-linux-x86_64-fedora-clang, r-devel-linux-x86_64-fedora-gcc, r-release-macos-arm64, r-release-macos-x86_64, r-oldrel-macos-arm64, r-oldrel-macos-x86_64