Last updated on 2024-04-18 08:54:41 CEST.
Flavor | Version | Tinstall | Tcheck | Ttotal | Status | Flags |
---|---|---|---|---|---|---|
r-devel-linux-x86_64-debian-clang | 1.0.3 | 134.89 | 421.91 | 556.80 | WARN | |
r-devel-linux-x86_64-debian-gcc | 1.0.3 | 119.84 | 303.66 | 423.50 | OK | |
r-devel-linux-x86_64-fedora-clang | 1.0.3 | 670.38 | NOTE | |||
r-devel-linux-x86_64-fedora-gcc | 1.0.3 | 714.15 | OK | |||
r-prerel-macos-arm64 | 1.0.3 | 179.00 | NOTE | |||
r-prerel-windows-x86_64 | 1.0.3 | 92.00 | 332.00 | 424.00 | NOTE | |
r-patched-linux-x86_64 | 1.0.3 | 108.29 | 395.95 | 504.24 | OK | |
r-release-linux-x86_64 | 1.0.3 | 107.56 | 409.62 | 517.18 | OK | |
r-release-macos-arm64 | 1.0.3 | 195.00 | NOTE | |||
r-release-macos-x86_64 | 1.0.3 | 439.00 | NOTE | |||
r-release-windows-x86_64 | 1.0.3 | 131.00 | 414.00 | 545.00 | NOTE | |
r-oldrel-macos-arm64 | 1.0.3 | 192.00 | NOTE | |||
r-oldrel-windows-x86_64 | 1.0.3 | 128.00 | 414.00 | 542.00 | NOTE |
Version: 1.0.3
Check: whether package can be installed
Result: WARN
Found the following significant warnings:
/usr/bin/../lib/gcc/x86_64-linux-gnu/14/../../../../include/c++/14/functional:558:2: warning: 'result_of<std::_Bind<(lambda at /home/hornik/tmp/R.check/r-devel-clang/Work/build/Packages/rvinecopulib/include/vinecopulib/bicop/implementation/class.ipp:822:28) (vinecopulib::Bicop)> &()>' is deprecated: use 'std::invoke_result' instead [-Wdeprecated-declarations]
/usr/bin/../lib/gcc/x86_64-linux-gnu/14/../../../../include/c++/14/functional:558:2: warning: 'result_of<std::_Bind<(lambda at /home/hornik/tmp/R.check/r-devel-clang/Work/build/Packages/rvinecopulib/include/vinecopulib/vinecop/implementation/tools_select.ipp:367:21) (unsigned long)> &()>' is deprecated: use 'std::invoke_result' instead [-Wdeprecated-declarations]
/usr/bin/../lib/gcc/x86_64-linux-gnu/14/../../../../include/c++/14/functional:558:2: warning: 'result_of<std::_Bind<(lambda at /home/hornik/tmp/R.check/r-devel-clang/Work/build/Packages/rvinecopulib/include/vinecopulib/vinecop/implementation/tools_select.ipp:954:20) (boost::detail::edge_desc_impl<boost::undirected_tag, unsigned long>)> &()>' is deprecated: use 'std::invoke_result' instead [-Wdeprecated-declarations]
/usr/bin/../lib/gcc/x86_64-linux-gnu/14/../../../../include/c++/14/functional:558:2: warning: 'result_of<std::_Bind<(lambda at /home/hornik/tmp/R.check/r-devel-clang/Work/build/Packages/rvinecopulib/include/vinecopulib/vinecop/implementation/class.ipp:770:19) (vinecopulib::tools_batch::Batch)> &()>' is deprecated: use 'std::invoke_result' instead [-Wdeprecated-declarations]
/usr/bin/../lib/gcc/x86_64-linux-gnu/14/../../../../include/c++/14/functional:558:2: warning: 'result_of<std::_Bind<(lambda at /home/hornik/tmp/R.check/r-devel-clang/Work/build/Packages/rvinecopulib/include/vinecopulib/vinecop/implementation/class.ipp:1090:19) (vinecopulib::tools_batch::Batch)> &()>' is deprecated: use 'std::invoke_result' instead [-Wdeprecated-declarations]
/usr/bin/../lib/gcc/x86_64-linux-gnu/14/../../../../include/c++/14/functional:558:2: warning: 'result_of<std::_Bind<(lambda at /home/hornik/tmp/R.check/r-devel-clang/Work/build/Packages/rvinecopulib/include/vinecopulib/vinecop/implementation/class.ipp:1206:19) (vinecopulib::tools_batch::Batch)> &()>' is deprecated: use 'std::invoke_result' instead [-Wdeprecated-declarations]
See ‘/home/hornik/tmp/R.check/r-devel-clang/Work/PKGS/portvine.Rcheck/00install.out’ for details.
* used C++ compiler: ‘Debian clang version 18.1.0 (rc4-1)’
Flavor: r-devel-linux-x86_64-debian-clang
Version: 1.0.3
Check: installed package size
Result: NOTE
installed size is 5.6Mb
sub-directories of 1Mb or more:
libs 4.4Mb
Flavors: r-devel-linux-x86_64-fedora-clang, r-prerel-macos-arm64, r-prerel-windows-x86_64, r-release-macos-arm64, r-release-macos-x86_64, r-release-windows-x86_64, r-oldrel-macos-arm64, r-oldrel-windows-x86_64