CRAN Package Check Results for Package postGIStools

Last updated on 2021-04-10 08:48:25 CEST.

Flavor Version Tinstall Tcheck Ttotal Status Flags
r-devel-linux-x86_64-debian-clang 0.2.4 2.76 32.72 35.48 NOTE
r-devel-linux-x86_64-debian-gcc 0.2.4 2.76 26.25 29.01 NOTE
r-devel-linux-x86_64-fedora-clang 0.2.4 51.63 NOTE
r-devel-linux-x86_64-fedora-gcc 0.2.4 40.39 NOTE
r-devel-windows-ix86+x86_64 0.2.4 7.00 39.00 46.00 NOTE
r-devel-windows-x86_64-gcc10-UCRT 0.2.4 NOTE
r-patched-linux-x86_64 0.2.4 3.01 31.41 34.42 OK
r-patched-solaris-x86 0.2.4 69.10 OK
r-release-linux-x86_64 0.2.4 3.31 31.77 35.08 OK
r-release-macos-x86_64 0.2.4 OK
r-release-windows-ix86+x86_64 0.2.4 6.00 53.00 59.00 OK
r-oldrel-macos-x86_64 0.2.4 OK
r-oldrel-windows-ix86+x86_64 0.2.4 6.00 40.00 46.00 OK

Check Details

Version: 0.2.4
Check: LazyData
Result: NOTE
     'LazyData' is specified without a 'data' directory
Flavors: r-devel-linux-x86_64-debian-clang, r-devel-linux-x86_64-debian-gcc, r-devel-linux-x86_64-fedora-clang, r-devel-linux-x86_64-fedora-gcc, r-devel-windows-ix86+x86_64, r-devel-windows-x86_64-gcc10-UCRT