Last updated on 2024-04-23 08:58:11 CEST.
Flavor | Version | Tinstall | Tcheck | Ttotal | Status | Flags |
---|---|---|---|---|---|---|
r-devel-linux-x86_64-debian-clang | 0.1.3 | 10.26 | 123.18 | 133.44 | OK | |
r-devel-linux-x86_64-debian-gcc | 0.1.3 | 7.11 | 88.56 | 95.67 | OK | |
r-devel-linux-x86_64-fedora-clang | 0.1.3 | 159.88 | OK | |||
r-devel-linux-x86_64-fedora-gcc | 0.1.3 | 166.32 | OK | |||
r-prerel-macos-arm64 | 0.1.3 | 50.00 | OK | |||
r-prerel-windows-x86_64 | 0.1.3 | 9.00 | 105.00 | 114.00 | OK | |
r-patched-linux-x86_64 | 0.1.3 | 10.47 | 115.83 | 126.30 | OK | |
r-release-linux-x86_64 | 0.1.3 | 10.19 | 115.80 | 125.99 | OK | |
r-release-macos-arm64 | 0.1.3 | 53.00 | OK | |||
r-release-macos-x86_64 | 0.1.3 | 82.00 | NOTE | |||
r-release-windows-x86_64 | 0.1.3 | 13.00 | 127.00 | 140.00 | OK | |
r-oldrel-macos-arm64 | 0.1.3 | 43.00 | OK | |||
r-oldrel-windows-x86_64 | 0.1.3 | 13.00 | 134.00 | 147.00 | OK |
Version: 0.1.3
Check: package dependencies
Result: NOTE
Package suggested but not available for checking: ‘lme4’
Flavor: r-release-macos-x86_64