CRAN Package Check Results for Package powerjoin

Last updated on 2024-04-21 08:53:58 CEST.

Flavor Version Tinstall Tcheck Ttotal Status Flags
r-devel-linux-x86_64-debian-clang 0.1.0 5.69 61.87 67.56 NOTE
r-devel-linux-x86_64-debian-gcc 0.1.0 5.20 45.21 50.41 NOTE
r-devel-linux-x86_64-fedora-clang 0.1.0 84.25 NOTE
r-devel-linux-x86_64-fedora-gcc 0.1.0 77.85 NOTE
r-prerel-macos-arm64 0.1.0 25.00 NOTE
r-prerel-windows-x86_64 0.1.0 7.00 62.00 69.00 NOTE
r-patched-linux-x86_64 0.1.0 5.47 56.76 62.23 NOTE
r-release-linux-x86_64 0.1.0 3.92 56.64 60.56 OK
r-release-macos-arm64 0.1.0 26.00 OK
r-release-macos-x86_64 0.1.0 39.00 OK
r-release-windows-x86_64 0.1.0 8.00 71.00 79.00 OK
r-oldrel-macos-arm64 0.1.0 30.00 OK
r-oldrel-windows-x86_64 0.1.0 9.00 76.00 85.00 OK

Check Details

Version: 0.1.0
Check: Rd files
Result: NOTE checkRd: (-1) coalesce_xy.Rd:22: Lost braces; missing escapes or markup? 22 | the \code{conflict} argument of {powerjoin}'s join functions. \code{coalesce_xy()} is | ^ checkRd: (-1) power_left_join.Rd:67: Lost braces; missing escapes or markup? 67 | \item{by}{As in {dplyr}, but extended so user can supply a formula or a list | ^ checkRd: (-1) power_left_join.Rd:79: Lost braces; missing escapes or markup? 79 | \item{keep}{A boolean for compatibility with {dplyr}, or a value among "left", | ^ checkRd: (-1) preprocess_inputs.Rd:37: Lost braces; missing escapes or markup? 37 | only be used in the \code{x} and \code{y} arguments of {powerjoin} join functions. No | ^ Flavors: r-devel-linux-x86_64-debian-clang, r-devel-linux-x86_64-debian-gcc, r-devel-linux-x86_64-fedora-clang, r-devel-linux-x86_64-fedora-gcc, r-prerel-macos-arm64, r-prerel-windows-x86_64, r-patched-linux-x86_64