Last updated on 2024-08-31 08:48:19 CEST.
Flavor | Version | Tinstall | Tcheck | Ttotal | Status | Flags |
---|---|---|---|---|---|---|
r-devel-linux-x86_64-debian-clang | 0.2.4 | 7.82 | 411.42 | 419.24 | OK | |
r-devel-linux-x86_64-debian-gcc | 0.2.4 | 5.31 | 284.36 | 289.67 | OK | |
r-devel-linux-x86_64-fedora-clang | 0.2.4 | 661.16 | NOTE | |||
r-devel-linux-x86_64-fedora-gcc | 0.2.4 | 662.59 | OK | |||
r-devel-windows-x86_64 | 0.2.4 | 11.00 | 433.00 | 444.00 | NOTE | |
r-patched-linux-x86_64 | 0.2.4 | 6.81 | 393.00 | 399.81 | OK | |
r-release-linux-x86_64 | 0.2.4 | 7.20 | 396.00 | 403.20 | OK | |
r-release-macos-arm64 | 0.2.4 | 190.00 | NOTE | |||
r-release-macos-x86_64 | 0.2.4 | 299.00 | NOTE | |||
r-release-windows-x86_64 | 0.2.4 | 10.00 | 463.00 | 473.00 | NOTE | |
r-oldrel-macos-arm64 | 0.2.4 | 192.00 | NOTE | |||
r-oldrel-macos-x86_64 | 0.2.4 | 487.00 | NOTE | |||
r-oldrel-windows-x86_64 | 0.2.4 | 13.00 | 546.00 | 559.00 | NOTE |
Version: 0.2.4
Check: installed package size
Result: NOTE
installed size is 11.0Mb
sub-directories of 1Mb or more:
doc 10.5Mb
Flavors: r-devel-linux-x86_64-fedora-clang, r-devel-windows-x86_64, r-release-macos-arm64, r-release-macos-x86_64, r-release-windows-x86_64, r-oldrel-macos-arm64, r-oldrel-macos-x86_64, r-oldrel-windows-x86_64
Version: 0.2.4
Check: tests
Result: NOTE
Running 'spelling.R' [0s]
Comparing 'spelling.Rout' to 'spelling.Rout.save' ...6c6
< NULL
---
> All Done!
Running 'testthat.R' [177s]
Flavor: r-devel-windows-x86_64