Last updated on 2024-04-18 08:54:42 CEST.
Flavor | Version | Tinstall | Tcheck | Ttotal | Status | Flags |
---|---|---|---|---|---|---|
r-devel-linux-x86_64-debian-clang | 1.1.2 | 2.32 | 26.97 | 29.29 | OK | |
r-devel-linux-x86_64-debian-gcc | 1.1.2 | 2.25 | 21.07 | 23.32 | OK | |
r-devel-linux-x86_64-fedora-clang | 1.1.2 | 38.97 | NOTE | |||
r-devel-linux-x86_64-fedora-gcc | 1.1.2 | 36.39 | NOTE | |||
r-prerel-macos-arm64 | 1.1.2 | 17.00 | OK | |||
r-prerel-windows-x86_64 | 1.1.2 | 4.00 | 41.00 | 45.00 | OK | |
r-patched-linux-x86_64 | 1.1.2 | 2.90 | 25.93 | 28.83 | OK | |
r-release-linux-x86_64 | 1.1.2 | 2.92 | 27.10 | 30.02 | OK | |
r-release-macos-arm64 | 1.1.2 | 18.00 | OK | |||
r-release-macos-x86_64 | 1.1.2 | 23.00 | OK | |||
r-release-windows-x86_64 | 1.1.2 | 4.00 | 42.00 | 46.00 | OK | |
r-oldrel-macos-arm64 | 1.1.2 | 17.00 | OK | |||
r-oldrel-windows-x86_64 | 1.1.2 | 5.00 | 47.00 | 52.00 | OK |
Version: 1.1.2
Check: dependencies in R code
Result: NOTE
Namespace in Imports field not imported from: ‘lmtest’
All declared Imports should be used.
Flavors: r-devel-linux-x86_64-fedora-clang, r-devel-linux-x86_64-fedora-gcc